{"id":452,"date":"2014-09-26T17:01:02","date_gmt":"2014-09-26T15:01:02","guid":{"rendered":"http:\/\/ddec72.org\/WordPress-ecole\/?page_id=452"},"modified":"2025-03-10T15:00:38","modified_gmt":"2025-03-10T14:00:38","slug":"recits-jaune-c","status":"publish","type":"page","link":"https:\/\/ddec72.org\/WordPress-ecole\/recits-jaune-c\/","title":{"rendered":"R\u00e9cit Jaune C : LA RIVIERE"},"content":{"rendered":"<p style=\"text-align: center;\"><a href=\"https:\/\/ddec72.org\/WordPress-ecole\/wp-content\/uploads\/2024\/11\/la-riviere.jpg\"><br \/><\/a><img loading=\"lazy\" decoding=\"async\" class=\"wp-image-6196 aligncenter\" src=\"https:\/\/ddec72.org\/WordPress-ecole\/wp-content\/uploads\/2024\/11\/la-riviere-300x200.jpg\" alt=\"\" width=\"410\" height=\"273\" srcset=\"https:\/\/ddec72.org\/WordPress-ecole\/wp-content\/uploads\/2024\/11\/la-riviere-300x200.jpg 300w, https:\/\/ddec72.org\/WordPress-ecole\/wp-content\/uploads\/2024\/11\/la-riviere-624x416.jpg 624w, https:\/\/ddec72.org\/WordPress-ecole\/wp-content\/uploads\/2024\/11\/la-riviere.jpg 768w\" sizes=\"auto, (max-width: 410px) 100vw, 410px\" \/><em><span style=\"font-size: revert; text-align: center;\">C\u2019est exactement comme Marc le leur a dit, l\u2019eau remonte la rivi\u00e8re vers l\u2019amont.<\/span><\/em><\/p>\n<p class=\"has-text-color\"><span style=\"color: #ffcc00;\"><strong>Partie 1 : Situation initiale du 18 au 29 novembre 2024 &#8211; Classe de Mme Chalmin<\/strong><\/span><\/p>\n<p>Notre histoire se passe un beau jour, en 2034, dans une for\u00eat tropicale perdue et oubli\u00e9e de tous. Dans celle-ci on y trouve des grands palmiers, des s\u00e9quoias g\u00e9ants et des solides lianes. La terre est humide. Des \u00e9normes serpents venimeux, des jaguars f\u00e9roces, des crocodiles \u00e0 grosses dents, des singes excit\u00e9s peuplent cette immense jungle.<\/p>\n<p>Un \u00e9norme avion tr\u00e8s endommag\u00e9 se trouve au beau milieu de la for\u00eat. Les r\u00e9acteurs fument toujours, les ailes sont cass\u00e9es, la carcasse est fissur\u00e9e.<\/p>\n<p>Les passagers sont choqu\u00e9s et effray\u00e9s. Parmi-eux, Emma, Marc et Sofiane.<\/p>\n<p>Emma est une jeune fille de 12 ans. Elle a les yeux bleus et de longs cheveux ch\u00e2tains. Marc quant \u00e0 lui, a 18 ans. Il a les cheveux noirs et boucl\u00e9s. Ses yeux sont verts.<\/p>\n<p>Sofiane, 11 ans, a les yeux bleus, les cheveux bruns et l\u2019allure sportive.<\/p>\n<p>Ces trois personnes ne se connaissent pas encore mais ils faisaient tous partis du m\u00eame vol en provenance de Rio de Janeiro.<\/p>\n<p class=\"has-text-color\"><strong><span style=\"color: #ffcc00;\">Partie 2 : \u00c9l\u00e9ment d\u00e9clencheur du 2 au 13 d\u00e9cembre 2024 \u2013 Classe de Mme Langlais<\/span><br \/><\/strong><\/p>\n<p>Ils cherchent s&rsquo;il y a des survivants dans l&rsquo;avion. Dans le cockpit, Marc trouve le pilote avec une grave blessure \u00e0 la jambe. Avant d&rsquo;\u00eatre sorti de l&rsquo;avion par la porte de secours, celui-ci appuie sur un bouton qui va activer un robot secouriste. Emma et Sofiane entendent des cris provenant de l&rsquo;autre c\u00f4t\u00e9 de la carlingue. Ils s&rsquo;approchent et d\u00e9couvrent un b\u00e9b\u00e9, un homme \u00e2g\u00e9 d&rsquo;une cinquantaine d&rsquo;ann\u00e9es, une jeune adolescente coinc\u00e9e sous un si\u00e8ge et une dizaine d&rsquo;autres personnes qui se l\u00e8vent.<\/p>\n<p>La mise en route du robot envoie un signal sur sa position, qui permettra aux sauveteurs de les retrouver. Il parvient aussi gr\u00e2ce \u00e0 son bras articul\u00e9 \u00e0 soulever le si\u00e8ge pour d\u00e9gager Camille.<\/p>\n<p>Attir\u00e9 par le bruit, un jaguar aux dents de sabre et aux griffes ac\u00e9r\u00e9es surgit\u00a0. C&rsquo;est la panique\u00a0! Tout le monde crie! Marc et le pilote entendent les cris. Ils retournent dans l&rsquo;avion et Marc dit\u00a0: \u00ab\u00a0Chut\u00a0! Ne bougez plus\u00a0! Restez calmes\u00a0!\u00a0\u00bb<\/p>\n<p class=\"has-text-color\"><strong><span style=\"color: #ffcc00;\">Partie 3 : S\u00e9rie d\u2019actions du 6 au 17 janvier 2025 \u2013 Club ARECS<\/span><br \/><\/strong><\/p>\n<p>Marc et le pilote sont dans l&rsquo;avion. Marc referme violemment la porte et il r\u00e8gne un silence de catacombes.<\/p>\n<p>Le robot vient vers le pilote et sort de flacon de Biseptine d&rsquo;une de ses poches. Il d\u00e9sinfecte la plaie avec d\u00e9licatesse puis, d&rsquo;une poche dorsale, il sort une bande de pl\u00e2tre. Du talon au genou, il enrubanne la jambe du pilote. Le robot se met \u00e0 parler et dit au pilote de rester immobile tant que le pl\u00e2tre n&rsquo;est pas sec. Sa t\u00e2che accomplie, il poursuit sa mission de secouriste en allant vers les autres passagers bless\u00e9s.<\/p>\n<p>Pendant ce temps, sous le management de Marc, les enfants et les valides r\u00e9pertorient les contenus des valises et sacs de cabine. Ils s\u00e9parent la nourriture des objets divers. Camille donne \u00e0 manger au b\u00e9b\u00e9.<\/p>\n<p>Pendant ce temps, \u00e0 l&rsquo;ext\u00e9rieur , par les hublots, les passagers voient r\u00f4der le jaguar. Mais soudain les hurlements des singes excit\u00e9s percent leurs oreilles et font pleurer le b\u00e9b\u00e9.<\/p>\n<p>Emma, qui avait tri\u00e9 la nourriture, propose de jeter quelques g\u00e2teaux aux singes par la vitre du cockpit. Les passagers valident en esp\u00e9rant que les cris des singes et leurs gesticulations d\u00e9tournent le jaguar de son int\u00e9r\u00eat pour les passagers enferm\u00e9s dans l&rsquo;avion.<\/p>\n<p>L&rsquo;homme d&rsquo;une cinquantaine d&rsquo;ann\u00e9e, au charisme certain, ne cesse de chuchoter avec deux voisins valides. Sofiane, intrigu\u00e9e, pr\u00eate l&rsquo;oreille discr\u00e8tement et d\u00e9couvre que cet homme est un officier de police et que ses deux comparses sont des chasseurs de safari qui venaient participer \u00e0 une chasse en Amazonie. Le policier propose d&rsquo;utiliser son arme et de prendre celle des deux coll\u00e8gues bless\u00e9s. Sofiane en informe Marc. De nouveau la carlingue est envahie des rugissements du jaguar qui semble \u00eatre \u00e0 nouveau tout proche.<\/p>\n<p>Sans aucune h\u00e9sitation, Marc et les trois hommes d\u00e9cident d&rsquo;intervenir car il leur faut aller chercher l&rsquo;eau, en s\u00e9curit\u00e9, \u00e0 la rivi\u00e8re qu&rsquo;ils devinent derri\u00e8re les branchages.<\/p>\n<p>Tant qu&rsquo;ils n&rsquo;entendent pas les secours arriv\u00e9s, les passagers doivent s&rsquo;organiser pour survivre et l&rsquo;acc\u00e8s l&rsquo;eau est donc n\u00e9cessaire et indispensable.<\/p>\n<p class=\"has-text-color\"><strong><span style=\"color: #ffcc00;\">Partie 4 : Le d\u00e9nouement du 20\u00a0 au 31 janvier 2025 \u2013 Classe de Mr Beaumesnil<\/span><br \/><\/strong><\/p>\n<p>Apr\u00e8s une courte marche, Marc et l\u2019officier arrivent \u00e0 la rivi\u00e8re. Ils sont surpris par la quantit\u00e9 d\u2019animaux qui est venue s\u2019abreuver. Parmi ceux-ci, il y a une colonie d\u2019oiseaux color\u00e9s et des ouistitis noirs qui dorment sur une solide branche. Marc commence \u00e0 remplir la premi\u00e8re gourde, mais soudain, notre h\u00e9ro s\u2019aper\u00e7oit que ce cours d\u2019eau ne ressemble en rien \u00e0 ce qu\u2019il a d\u00e9j\u00e0 vu. Il retire sa main aussit\u00f4t\u00a0!\u00a0 La rivi\u00e8re se comporte \u00e9trangement. Le jeune homme demande au policier s\u2019il voit bien la m\u00eame chose que lui\u00a0: l\u2019eau change de sens quand il y plonge la main\u00a0!<\/p>\n<p>Ils n\u2019en croient pas leurs yeux. La peur se met \u00e0 les envahir\u00a0! Affol\u00e9s, Marc et l\u2019officier terminent de remplir les gourdes, puis ils repartent le plus vite possible vers l\u2019avion. Il faut absolument qu\u2019ils partagent leur d\u00e9couverte avec les autres passagers. Dans leur pr\u00e9cipitation ils ne retrouvent pas leur chemin.<\/p>\n<p>Les gourdes s\u2019entrechoquent et font un vacarme d\u2019enfer. Le jaguar qui r\u00f4de autour d\u2019eux depuis le crash de l\u2019avion les entend. Le f\u00e9lin se rapproche des deux compagnons guid\u00e9 par le bruit et d\u00e9cide d\u2019attaquer. Soudain, Marc voit une ombre passer \u00e0 toute vitesse. Il se retourne et aper\u00e7oit avec effroi le fauve pr\u00eat \u00e0 bondir. L\u2019officier charge sa carabine. Le fauve bondit. L\u2019homme tire et la bette tombe raide morte ! Apr\u00e8s ces moments de fortes \u00e9motions, nos aventuriers prennent le temps de s\u2019orienter gr\u00e2ce \u00e0 la boussole emport\u00e9e par l\u2019officier. La boussole permet de faire appara\u00eetre un hologramme qui les guide et qui les ram\u00e8ne \u00e0 l\u2019avion.<\/p>\n<p>Arriv\u00e9s \u00e0 leur campement de fortune, ils racontent ce qu\u2019ils ont v\u00e9cu. Emma et Sofiane ne les croient pas et d\u00e9cident d\u2019aller voir de leurs propres yeux. Une fois sur place<em>,<\/em> elles se rendent compte que <em>c\u2019est exactement comme Marc le leur a dit, l\u2019eau remonte la rivi\u00e8re vers l\u2019amont<\/em>.<\/p>\n<p>De retour, elles confirment ce que Marc leur a racont\u00e9. Les trois amis se font alors la promesse de revenir dans ce lieu myst\u00e9rieux afin de r\u00e9soudre cette \u00e9nigme.<\/p>\n<p>Peu apr\u00e8s, les rescap\u00e9s vont chercher des parachutes pour fabriquer des abris pour la nuit car le soleil \u00e9tait en train de se coucher. Une fois les tentes mont\u00e9es, tous les passagers vont se reposer. Soudain, le b\u00e9b\u00e9 se r\u00e9veille et se met \u00e0 pleurer. A travers les branches des arbres la lune fait des ombres effrayantes sur les tentes. Les ombres bougent \u00e0 cause du vent provoqu\u00e9 par les pales des h\u00e9licopt\u00e8res de secours qui arrivent enfin\u00a0!<\/p>\n<p class=\"has-text-color\"><span style=\"color: #ffcc00;\"><strong>Partie 5 : La situation finale du 3 au 28 f\u00e9vrier 2025 \u2013 Classe de Mme Rouillard<\/strong><\/span><\/p>\n\n\n<p>Le signal du robot a bien \u00e9t\u00e9 re\u00e7u. Les rescap\u00e9s ont dispos\u00e9 au sol des branches qui forment un grand SOS. Le premier h\u00e9licopt\u00e8re lance un filet de d\u00e9limitation et se pose dans la clairi\u00e8re form\u00e9e par la chute de l\u2019avion. Les autres h\u00e9licopt\u00e8res arrivent \u00e0 leur tour, le vent qu\u2019ils provoquent, fait s\u2019envoler la tente, les arbres bougent, s\u2019agitent dans tous les sens et les feuilles s\u2019envolent\u2026<\/p>\n\n\n\n<p>Les animaux s\u2019affolent aussi. Ils s\u2019approchent, un serpent commence \u00e0 s\u2019enrouler autour des patins atterrisseurs du premier h\u00e9licopt\u00e8re. Les singes s\u2019excitent, un jeune singe malicieux grimpe sur le toit d\u2019un autre. Pendant qu\u2019un toucan se pr\u00e9cipite sur le pare-brise d\u2019un air tr\u00e8s m\u00e9content. Les jaguars courent dans tous les sens et font peur aux chevaux sauvages qui foncent droit sur les h\u00e9licopt\u00e8res.<\/p>\n\n\n\n<p>Mais toute cette agitation n\u2019emp\u00eache pas le sauvetage. Les rescap\u00e9s sont r\u00e9veill\u00e9s \u00e0 cause du bruit. Ils comprennent qu\u2019ils sont sauv\u00e9s. Ils embarquent les uns apr\u00e8s les autres, une fois tous les passagers embarqu\u00e9s, les h\u00e9licopt\u00e8res d\u00e9collent et fusionnent en l\u2019air en formant un gigantesque engin volant blind\u00e9 pouvant aller jusqu\u2019\u00e0 1000 km\/h. Les rescap\u00e9s sont install\u00e9s dans le salon de d\u00e9tente.<\/p>\n\n\n\n<p>Emma, Sofiane et Marc s\u2019isolent dans un coin pour discuter. Marc dit&nbsp;: \u00ab&nbsp;On va bient\u00f4t devoir se s\u00e9parer mais on peut tout de m\u00eame s\u2019\u00e9changer nos num\u00e9ros de t\u00e9l\u00e9phone.<\/p>\n\n\n\n<p>&#8211; Bonne id\u00e9e&nbsp;! \u00bb approuve Emma, en donnant son num\u00e9ro.&nbsp; Sofiane n\u2019ayant pas de t\u00e9l\u00e9phone, \u00e9p\u00e8le le num\u00e9ro de sa m\u00e8re.<\/p>\n\n\n\n<p>Marc voudrait rester avec ses amis, il est d\u00e9\u00e7u de repartir. Il jette un dernier coup d&rsquo;\u0153il \u00e0 la rivi\u00e8re \u00e9trange qui d\u00e9fie les lois de la nature. Un frisson le parcourt : et si ce ph\u00e9nom\u00e8ne cachait un secret encore plus grand ?<\/p>\n\n\n\n<p>Intrigu\u00e9s et excit\u00e9s, les trois amis savent qu\u2019un jour, ils devront retourner dans cette jungle pour d\u00e9couvrir la v\u00e9rit\u00e9\u2026<\/p>\n\n\n\n<p><\/p>\n","protected":false},"excerpt":{"rendered":"<p>C\u2019est exactement comme Marc le leur a dit, l\u2019eau remonte la rivi\u00e8re vers l\u2019amont. Partie 1 : Situation initiale du 18 au 29 novembre 2024 &#8211; Classe de Mme Chalmin Notre histoire se passe un beau jour, en 2034, dans une for\u00eat tropicale perdue et oubli\u00e9e de tous. Dans celle-ci on y trouve des grands [&hellip;]<\/p>\n","protected":false},"author":11,"featured_media":0,"parent":0,"menu_order":0,"comment_status":"closed","ping_status":"closed","template":"","meta":{"footnotes":""},"class_list":["post-452","page","type-page","status-publish","hentry"],"_links":{"self":[{"href":"https:\/\/ddec72.org\/WordPress-ecole\/wp-json\/wp\/v2\/pages\/452","targetHints":{"allow":["GET"]}}],"collection":[{"href":"https:\/\/ddec72.org\/WordPress-ecole\/wp-json\/wp\/v2\/pages"}],"about":[{"href":"https:\/\/ddec72.org\/WordPress-ecole\/wp-json\/wp\/v2\/types\/page"}],"author":[{"embeddable":true,"href":"https:\/\/ddec72.org\/WordPress-ecole\/wp-json\/wp\/v2\/users\/11"}],"replies":[{"embeddable":true,"href":"https:\/\/ddec72.org\/WordPress-ecole\/wp-json\/wp\/v2\/comments?post=452"}],"version-history":[{"count":153,"href":"https:\/\/ddec72.org\/WordPress-ecole\/wp-json\/wp\/v2\/pages\/452\/revisions"}],"predecessor-version":[{"id":6584,"href":"https:\/\/ddec72.org\/WordPress-ecole\/wp-json\/wp\/v2\/pages\/452\/revisions\/6584"}],"wp:attachment":[{"href":"https:\/\/ddec72.org\/WordPress-ecole\/wp-json\/wp\/v2\/media?parent=452"}],"curies":[{"name":"wp","href":"https:\/\/api.w.org\/{rel}","templated":true}]}}