{"id":3755,"date":"2021-10-12T17:07:47","date_gmt":"2021-10-12T15:07:47","guid":{"rendered":"https:\/\/ddec72.org\/WordPress-ecole\/?page_id=3755"},"modified":"2025-03-02T11:26:25","modified_gmt":"2025-03-02T10:26:25","slug":"recit-bleu-d","status":"publish","type":"page","link":"https:\/\/ddec72.org\/WordPress-ecole\/recit-bleu-d\/","title":{"rendered":"R\u00e9cit Bleu D : LE GRAND VOYAGE"},"content":{"rendered":"\n<p><\/p>\n\n\n<p style=\"text-align: center;\"><a href=\"https:\/\/ddec72.org\/WordPress-ecole\/wp-content\/uploads\/2024\/11\/livre2.jpeg\"><img loading=\"lazy\" decoding=\"async\" class=\"alignnone  wp-image-6190\" src=\"https:\/\/ddec72.org\/WordPress-ecole\/wp-content\/uploads\/2024\/11\/livre2-300x300.jpeg\" alt=\"\" width=\"360\" height=\"360\" srcset=\"https:\/\/ddec72.org\/WordPress-ecole\/wp-content\/uploads\/2024\/11\/livre2-300x300.jpeg 300w, https:\/\/ddec72.org\/WordPress-ecole\/wp-content\/uploads\/2024\/11\/livre2-150x150.jpeg 150w, https:\/\/ddec72.org\/WordPress-ecole\/wp-content\/uploads\/2024\/11\/livre2-768x768.jpeg 768w, https:\/\/ddec72.org\/WordPress-ecole\/wp-content\/uploads\/2024\/11\/livre2-624x624.jpeg 624w, https:\/\/ddec72.org\/WordPress-ecole\/wp-content\/uploads\/2024\/11\/livre2.jpeg 1024w\" sizes=\"auto, (max-width: 360px) 100vw, 360px\" \/><\/a><\/p>\n<blockquote>\n<p style=\"text-align: center;\">Soudain, il le sentit, cela allait de nouveau se produire.<\/p>\n<\/blockquote>\n<p class=\"has-text-color\"><span style=\"color: #0000ff;\"><strong>Partie 1 : Situation initiale du 18 au 29 novembre 2024 &#8211; Classe de Mme Granry<\/strong><\/span><\/p>\n<p>C&rsquo;\u00e9tait le 26 d\u00e9cembre 1920, un peu plus de deux ans apr\u00e8s la fin de la Premi\u00e8re Guerre mondiale. L\u2019hiver \u00e9tait glacial. En Grande-Bretagne, Londres poursuivait sa reconstruction. \u00c0 la demande du roi Georges V, des tractopelles nivelaient le terrain afin de reb\u00e2tir l&rsquo;h\u00f4pital. Dans ce triste paysage, un prestidigitateur essayait de redonner quelque peu le sourire aux londoniens qui convoitaient ses tours de magie. Quelques maisons se dressaient \u00e0 nouveau sur le bord de la Tamise. La tour de Big Ben retrouvait sa splendeur, ce qui mettait du baume aux c\u0153ur aux citoyens alors que l\u2019ambiance g\u00e9n\u00e9rale restait terne. C&rsquo;est dans ce d\u00e9cor que John, Kate, Elizabeth et leur chien Rex aimaient passer du temps ensemble.<br \/>Elizabeth, 17 ans, \u00e9tait plut\u00f4t grande ; ses cheveux \u00e9taient couleur de bl\u00e9 et ses yeux d\u2019un bleu profond. Douce et studieuse, sa mati\u00e8re de pr\u00e9dilection \u00e9tait la litt\u00e9rature : elle aimait lire des romans. Elle aimait aussi monter \u00e0 cheval et son poignet fractur\u00e9 apr\u00e8s une chute ne la ralentissait pas.<br \/>John, lui, n&rsquo;avait que 16 ans. Il \u00e9tait brun ; ses yeux \u00e9taient verts et per\u00e7ants. Avec sa taille imposante, il pratiquait le rugby et le tennis. Il \u00e9tait sociable : il avait beaucoup d\u2019amis. Farceur, rus\u00e9, aventurier, il avait toujours d&rsquo;excellentes id\u00e9es.<br \/>Quant \u00e0 Kate, \u00e2g\u00e9e de 18 ans, elle avait les yeux bleu azur et une chevelure couleur chocolat. Fine, elle \u00e9tait performante en gymnastique. G\u00e9n\u00e9reuse aussi (surtout avec ses amis), \u00e9tourdie, quelquefois espi\u00e8gle, elle \u00e9tait passionn\u00e9e par la gastronomie fran\u00e7aise qui lui inspirait r\u00e9guli\u00e8rement de nouveaux plats.<br \/>Le chien Rex, un border collie noir et blanc, les accompagnait. Il \u00e9tait goulu, vif, tr\u00e8s ob\u00e9issant, affectueux et avait un flair souvent tr\u00e8s utile aux jeunes gens.<br \/>Tous les quatre \u00e9taient les meilleurs amis du monde ! Ils adoraient visiter des monuments, se r\u00e9unir dans une carcasse d&rsquo;avion anglais qui leur servait de cabane ou bien se retrouver au bord d&rsquo;un \u00e9tang o\u00f9 ils avaient fabriqu\u00e9 une petite barque avec deux rames ; ils aimaient aussi aller d\u00eener au restaurant non loin de Big Ben ou encore se rassembler simplement autour d\u2019un th\u00e9.<\/p>\n<p class=\"has-text-color\"><strong><span style=\"color: #0000ff;\">Partie 2 : \u00c9l\u00e9ment d\u00e9clencheur du 2 au 13 d\u00e9cembre 2024 \u2013 Classe de Mme Le Bray<\/span><\/strong><\/p>\n<p>Un soir, alors que la nuit commen\u00e7ait \u00e0 tomber sur Londres, les quatre amis s&rsquo;appr\u00eataient \u00e0 rentrer chez eux quand ils pass\u00e8rent devant un magasin d&rsquo;o\u00f9 provenaient des cris. Alert\u00e9s, ils se pr\u00e9cipit\u00e8rent \u00e0 l&rsquo;int\u00e9rieur et virent un enfant criant et appelant sa maman.\u00a0<\/p>\n<ul>\n<li>\u00ab\u00a0Que t&rsquo;arrive-t-il ? lui demand\u00e8rent les trois amis.<\/li>\n<li>\u00ab\u00a0Je ne retrouve plus ma maman !\u00a0\u00bb leur r\u00e9pondit-il.<\/li>\n<li>\u00ab\u00a0Comment t&rsquo;appelles-tu ?\u00a0<\/li>\n<li>Je m&rsquo;appelle Taylor.<\/li>\n<\/ul>\n<p>Apr\u00e8s s&rsquo;\u00eatre pr\u00e9sent\u00e9s \u00e0 leur tour, John, Kate, Elisabeth et Rex (en aboyant avec entrain) lui propos\u00e8rent de lui venir en aide.<\/p>\n<ul>\n<li>\u00ab\u00a0Tu \u00e9tais avec elle dans le magasin?\u00a0\u00bb le questionn\u00e8rent-ils.<\/li>\n<li>\u00ab\u00a0Oui j&rsquo;\u00e9tais avec elle.\u00a0 Elle est entr\u00e9e dans une cabine d&rsquo;essayage. J&rsquo;ai aper\u00e7u un livre par terre quand elle y est entr\u00e9e ; c&rsquo;est ce que j&rsquo;ai vu. Elle a ouvert le livre et a brusquement referm\u00e9 la cabine. Et depuis je ne l&rsquo;ai pas revue.<\/li>\n<li>\u00ab\u00a0Elle n&rsquo;est pas ressortie de la cabine ?\u00a0\u00bb demand\u00e8rent les amis.<\/li>\n<li>\u00ab\u00a0Non\u00a0\u00bb , r\u00e9pondit Taylor encore secou\u00e9 de sanglots. \u00ab\u00a0Et j&rsquo;ai peur d&rsquo;y aller !<\/li>\n<\/ul>\n<p>Les trois amis, attendris devant le chagrin du gar\u00e7onnet, d\u00e9cid\u00e8rent d&rsquo;aller v\u00e9rifier.<\/p>\n<p>En ouvrant le rideau, ils d\u00e9couvrirent effectivement le livre par terre mais aucune trace de la maman. Ils d\u00e9cid\u00e8rent de partir \u00e0 sa recherche et de trouver le lien avec ce livre abandonn\u00e9.<\/p>\n<p class=\"has-text-color\"><strong><span style=\"color: #0000ff;\">Partie 3 : S\u00e9rie d\u2019actions du 6 au 17 janvier 2025 \u2013 Classe de Mme Chaplin (Biguet)<\/span><br \/><\/strong><\/p>\n<p>Rex renifla le livre du bout de la truffe. Le livre semblait d\u00e9gager une odeur tr\u00e8s \u00e9trange. Il saisit le manuscrit entre ses m\u00e2choires et l\u2019apporta \u00e0 ses amis. Celui ci \u00e9tait immense et tr\u00e8s poussi\u00e9reux. John regarda la couverture, c\u2019\u00e9tait \u00e9crit \u201c<em>le grand voyage<\/em>\u201d. <br \/>John ouvrit le livre et commen\u00e7a \u00e0 lire. <br \/>\u201c<em>Elle rencontra un gar\u00e7on nomm\u00e9 John et d\u00e9cida de poursuivre son chemin avec lui\u201d<\/em>. Les lettres arrivaient une par une. John tomba en reculant \u00e0 cause d\u2019un clou qui d\u00e9passait du sol et vit que la phrase qui apparaissait \u00e9tait la m\u00eame que celle qu\u2019il venait de lire \u00e0 voix haute. Il commen\u00e7a \u00e0 devenir une ombre. On pouvait voir les pages \u00e0 travers sa main pos\u00e9e sur le papier pour suivre sa lecture. En quelques secondes, il \u00e9tait compl\u00e8tement transparent et disparut dans l\u2019ouvrage. Les autres enfants \u00e9taient choqu\u00e9s pour leur ami. Ils essay\u00e8rent de lire la derni\u00e8re phrase. <br \/>\u201c <em>John regarda autour de lui le paysage ensoleill\u00e9. De grosses pierres l\u2019entouraient, avec de l\u2019herbe o\u00f9 des vaches et des ch\u00e8vres paissaient. Dans la vall\u00e9e coulait une rivi\u00e8re. Un chamois et un bouquetin grimpaient sur la montagne. John, apeur\u00e9 se mit \u00e0 hurler : \u201cElizabeth! Kate! Rex! Taylor\u201d mais personne ne lui r\u00e9pondait. La femme fron\u00e7a les sourcils et se mis \u00e0 trembler et \u00e0 transpirer. Elle semblait surprise. Elle demanda \u201c Vous connaissez mon fils?<\/em>\u201c rien ne se produisit.<br \/>Elizabeth hurla \u201c<em> Quoi? La m\u00e8re de Taylor est dans le bouquin?!<\/em>\u201d <br \/>Les camarades \u00e9taient estomaqu\u00e9s de cette d\u00e9couverte. Ils comprirent que leur ami et la maman de Taylor \u00e9taient prisonniers \u00e0 l\u2019int\u00e9rieur de l\u2019histoire qui s\u2019\u00e9crivait sous leurs yeux. <br \/>\u201c-<em>Comment ce livre magique est-il arriv\u00e9 l\u00e0<\/em>?\u00a0\u00bb s\u2019interrogea Kate. <br \/>\u201c <em>-Demandons aux personnes dans le magasin si elles ont vu quelque chose\u201d<\/em>, r\u00e9torque Elizabeth.<br \/>Les enfants cherch\u00e8rent des indices en interrogeant les clients. <br \/>\u201c<em>-Bonjour Madame. Cet enfant appel\u00e9 Taylor a perdu sa maman dans ce magasin, avez-vous vu quelque chose en rapport?<\/em>\u201d<br \/>\u201c-<em>Je ne sais pas, je viens d\u2019arriver, mais la caissi\u00e8re sait peut \u00eatre quelque chose.<\/em>\u201d<br \/>\u201c-<em>Merci Madame<\/em>.\u201d<br \/>Ils se dirig\u00e8rent vers la petite dame qui rangeait des articles de mode dans l\u2019arri\u00e8re boutique. <br \/>\u201c-<em>Bonjour Madame, savez-vous o\u00f9 la maman de ce jeune gar\u00e7on est-elle partie<\/em>? demand\u00e8rent-ils en faisant comme s\u2019ils n\u2019\u00e9taient pas au courant de l\u2019existence du livre magique. <br \/>\u201c <em>Pas du tout, je ne surveille pas tous les clients<\/em>, r\u00e9pondit elle en continuant de plier des pantalons.<br \/><em>\u201cAh oui? Et si quelqu\u2019un vole quelque chose de votre magasin?<\/em> continua Kate.<br \/>\u201c&#8230; <em>O\u00f9 am\u00e8ne un objet \u00e9trange dans votre boutique<\/em>, poursuivit Elizabeth. <br \/>\u201c <em>\u00c9coutez, je ne sais rien de ce vieux livre poussi\u00e9reux, ni o\u00f9 est la personne que vous recherchez<\/em>, r\u00e9pondit la femme en retournant \u00e0 la caisse, pr\u00e8s de la vitrine.<br \/><em>\u201cC\u2019est de ce livre dont vous parlez<\/em>? dit Taylor en montrant le manuscrit.<em> On ne vous en a pourtant pas parl\u00e9.<\/em> \u00ab\u00a0<br \/>Il perdit patience, et s\u2019\u00e9nerva : <br \/>\u201c-<em>Dites moi maintenant pourquoi avez-vous envoy\u00e9 ma maman dans l\u2019histoire!<\/em>\u201d <br \/>\u201c-<em>Un homme est venu dans mon magasin et il s\u2019est pr\u00e9cipit\u00e9 dans la cabine. Il n\u2019a m\u00eame pas achet\u00e9 de v\u00eatement et est reparti en laissant ce livre dans la cabine. Je pense que c\u2019est l\u2019auteur de ce livre. J\u2019ai essay\u00e9 de l\u2019arr\u00eater mais il est parti en courant. Quand elle s\u2019est retourn\u00e9, ta maman avait d\u00e9j\u00e0 disparu. Je n\u2019ai rien pu faire. Maintenant arr\u00eatez avec vos histoires et laissez mon magasin tranquille!<\/em>\u201d<br \/>Les enfants se retrouv\u00e8rent sur le trottoir avec le livre entre les mains. <br \/>Ils regard\u00e8rent donc la quatri\u00e8me de couverture en esp\u00e9rant trouver plus d\u2019informations. Ils trouv\u00e8rent l\u2019auteur du livre : \u201c <em>Lucien Leprince<\/em>\u201d. <br \/>Ils d\u00e9cid\u00e8rent d\u2019aller \u00e0 la biblioth\u00e8que pour se renseigner sur ce myst\u00e9rieux Lucien Leprince. <br \/>Les enfants arriv\u00e8rent \u00e0 la biblioth\u00e8que et virent des centaines de livres sur les \u00e9tag\u00e8res.<\/p>\n<p>Les enfants se d\u00e9plac\u00e8rent tout doucement vers la biblioth\u00e9caire. Le regard de la biblioth\u00e9caire se posa sur le livre que les enfants avaient entre les mains. <br \/>\u201c-<em>Comment avez-vous eu ce livre?<\/em>\u201d<br \/>\u201c-<em> Nous l\u2019avons trouv\u00e9 par terre dans un magasin \u00e0 c\u00f4t\u00e9 de la biblioth\u00e8que<\/em>.\u201d <br \/>La biblioth\u00e9caire se mit \u00e0 respirer fort. <br \/>\u201c &#8211;<em> Ce livre n\u2019a jamais \u00e9t\u00e9 trouv\u00e9 depuis tr\u00e8s longtemps. je pensais qu\u2019il avait \u00e9t\u00e9 disparu. C\u2019est curieux, l\u2019auteur est venu me voir il y a une heure pour retrouver ce livre.<\/em>\u201d<br \/>Les enfants comprirent que ce Monsieur Leprince \u00e9tait peut-\u00eatre encore dans la biblioth\u00e8que, qu\u2019il semblait inquiet car il devait surement \u00eatre au courant du sort qui arrivait aux lecteurs de son livre. <br \/>Ils march\u00e8rent jusqu\u2019\u00e0 l\u2019\u00e9tage suivant en essayant de suivre un bruit qu\u2019ils entendaient. Ils virent que le premier \u00e9tage \u00e9tait ferm\u00e9 avec un ruban indiquant des travaux, mais, ils d\u00e9pass\u00e8rent tout de m\u00eame la limite, ils virent le fond d\u2019un grand couloir et d\u00e9cid\u00e8rent de poursuivre leur chemin jusqu\u2019\u00e0 la derni\u00e8re porte. Ils d\u00e9couvrirent qu\u2019il n\u2019y avait aucun travaux et que cette pi\u00e8ce semblait \u00eatre un bureau. Assis derri\u00e8re le bureau, il y avait un homme. Il \u00e9tait tr\u00e8s grand et poss\u00e9dait un manteau et un chapeau noir. Ses yeux \u00e9taient bleus, ses cheveux chatains. Sous son manteau, l\u2019homme portait une chemise l\u00e9g\u00e8re assortie \u00e0 ses iris. Il se leva et demanda apeur\u00e9 : <br \/>\u201c-<em>Que faites-vous l\u00e0? L\u2019\u00e9tage est ferm\u00e9!<\/em>\u201d<br \/>Rex, qui avait suivi les enfants, tourna autour du livre pour lui montrer et aboya. <br \/>L\u2019homme balbutia : <br \/><em>\u201c-Vous\u2026 vous poss\u00e9dez\u2026mon livre?\u201d<\/em><br \/>\u201c- <em>Etes-vous Lucien Leprince?<\/em> demanda Elizabeth, surprise. <br \/>Rex bondit sur l\u2019auteur. Kate s\u2019ecria : <br \/>\u201c-<em>Est-ce vous qui avez cr\u00e9\u00e9 ce livre de malheur? A cause de vous, notre ami John et la maman du petit Taylor sont coinc\u00e9s \u00e0 l\u2019int\u00e9rieur de l\u2019histoire. Comment fait-on pour les d\u00e9livrer?<\/em>\u201d <br \/>Taylor s\u2019\u00e9nerve \u00e0 son tour : \u201c <em>Lib\u00e9rez ma maman tout de suite!<\/em>\u201d<br \/>Apr\u00e8s avoir pouss\u00e9 Rex, qui le laissa se rasseoir sur sa chaise, Lucien Leprince expliqua aux enfants ce qu\u2019on lui disait sur son livre : \u201c<em> il me disait que j\u2019\u00e9tais nul comme mon livre, je n\u2019en pouvais plus! J\u2019\u00e9tais si frustr\u00e9 et en col\u00e8re, que j\u2019ai r\u00eav\u00e9 d\u2019\u00e9crire un livre qui pourrait me venger. Et, c\u2019est comme \u00e7a que les pouvoirs sont arriv\u00e9s dans le livre<\/em>.\u201d<br \/>\u201c- <em>Ce n\u2019est pas tr\u00e8s malin, maintenant, la maman de Taylor est coinc\u00e9e dedans. Elle n\u2019a pas d\u00fb se moquer de vous pourtant. Comment cela se fait qu\u2019elle soit entr\u00e9e dans le livre?<\/em>\u201dinterrogea Elizabeth.<br \/>Lucien pris une grande inspiration pour essayer de se calmer. Il semblait perdu et paniqu\u00e9 \u00e0 la fois.<br \/>\u201c &#8211; <em>Et bien, la situation m\u2019a \u00e9chapp\u00e9e. J\u2019\u00e9crivais le livre ici, dans mon bureau. Un jour o\u00f9 je m\u2019\u00e9tais absent\u00e9, la biblioth\u00e9caire que vous avez s\u00fbrement vue en bas est venue faire un peu de rangement. Elle a cru que c\u2019\u00e9tait un livre de la biblioth\u00e8que et l\u2019a descendu pour le ranger sur les \u00e9tag\u00e8res. Mais il n\u2019\u00e9tait pas termin\u00e9 ! Je crois que j\u2019avais lib\u00e9r\u00e9 des pouvoirs entre les pages du livre, sans vraiment leur donner une cible ou un but pr\u00e9cis.Je ne suis pas magicien vous savez, je ne sais pas trop comment \u00e7a marche. Avec les \u00e9motions surement. Quand j\u2019ai voulu le r\u00e9cup\u00e9rer, il avait disparu. Quelqu\u2019un l\u2019a surement pris et l\u2019a laiss\u00e9 l\u00e0 o\u00f9 vous l\u2019avez trouv\u00e9. Peut \u00eatre que cette personne vit aussi dans l\u2019histoire maintenant. Visiblement, il r\u00e9serve le sort que j\u2019avais imagin\u00e9 pour mes ennemis \u00e0 n\u2019importe qui, al\u00e9atoirement<\/em>.\u201d <br \/>\u201c- Et comment va-t-on pouvoir lib\u00e9rer sa maman et John?\u201d questionna Kate, en montrant Taylor qui sanglotait dans un coin de la pi\u00e8ce. <br \/>Lucien baissa la t\u00eate, prit son front entre ses mains, puis, d\u00e9clara : <br \/>\u201c <em>&#8211; Laissez moi lire l\u2019histoire, nous verrons bien si cela change quelque chose.<\/em>\u201d<br \/>Il pris le livre et se d\u00e9pla\u00e7a pour s\u2019installer dans le si\u00e8ge \u00e0 bascule pr\u00e8s de la fen\u00eatre. <br \/>Lucien commen\u00e7a alors \u00e0 lire la suite de l\u2019histoire qui s\u2019inscrivait dans son livre.<\/p>\n<p>\u201c-<em>oui, je m\u2019appelle John et vous, vous vous appelez\u2026<\/em><\/p>\n<p>\u00ab\u00a0<em>-Lila. Je suis coinc\u00e9e dans ce livre depuis deux jours. J\u2019ai eu le temps de visiter un peu les environs. Il y a un chalet plus loin, nous pouvons y aller et discuter tranquillement.\u201d <\/em><br \/><em>\u201cd\u2019accord, pourtant, \u00e7a ne fait pas plus d\u2019une heure que votre fils vous a vu disparaitre.\u201d <\/em><br \/><em>\u201cPeut-\u00eatre qu\u2019ici, le temps n\u2019est pas le m\u00eame. Un peu comme un d\u00e9calage horaire, mais c\u2019est la vitesse du temps qui change.\u201d<\/em> <br \/>Ils se dirig\u00e8rent vers le chalet. Une fois \u00e0 l\u2019int\u00e9rieur, John en a marre :<br \/><em>\u201c- Il faut qu\u2019on trouve le moyen de sortir de ce livre avant de rester coinc\u00e9s \u00e0 vie!\u201d<\/em><br \/>Apr\u00e8s avoir pens\u00e9 \u00e0 plusieurs id\u00e9es, Lila propose: <br \/>\u201c<em>J\u2019ai d\u00e9j\u00e0 cherch\u00e9 au ruisseau et dans la for\u00eat, mais je n\u2019ai rien trouv\u00e9. Nous pourrions escalader la montagne et y chercher une sortie. On aper\u00e7oit une sorte de grotte.<\/em> \u201d<br \/>Le lendemain, apr\u00e8s une bonne nuit de sommeil, ils commenc\u00e8rent \u00e0 grimper jusqu\u2019\u00e0 la grotte. Ils virent un passage \u00e9troit dans le fond. ils s\u2019y engouffr\u00e8rent mais apr\u00e8s plusieurs minutes de trajets, ils r\u00e9alis\u00e8rent que le chemin les ramenaient \u00e0 leur point de d\u00e9part. <br \/>\u201c<em>On ne va jamais s\u2019en sortir<\/em>!\u201d se lamenta John. <br \/>\u201c <em>Ne perdons pas espoir<\/em>, le r\u00e9conforta Lila\u201d.<\/p>\n<p>Lucien stoppa sa lecture. <span style=\"color: #ff0000;\"><strong>Soudain, il le sentit, cela allait de nouveau se produire<\/strong><\/span>. ses main devenaient translucides, les phrases se mirent \u00e0 s\u2019\u00e9crire sur sa chemise. <br \/>\u201c<em> Je vous promets, je vais essayer de lib\u00e9rer vos \u00eatres chers<\/em>.\u201d dit-il avant de disparaitre dans le livre.<\/p>\n<p class=\"has-text-color\"><strong><span style=\"color: #0000ff;\">Partie 4 : Le d\u00e9nouement du 20\u00a0 au 31 janvier 2025 \u2013 Classe de Mme Houdayer<\/span><br \/><\/strong><\/p>\n<p align=\"justify\">Lucien Leprince arriva dans le grotte. John et Lila le regard\u00e8rent surpris et lui demand\u00e8rent\u00a0:<\/p>\n<p align=\"justify\">\u00ab\u00a0-Qui \u00eates-vous\u00a0?<\/p>\n<p align=\"justify\">-Je me pr\u00e9sente, je suis Lucien Leprince l\u2019auteur du livre.<\/p>\n<p align=\"justify\">Lila r\u00e9pondit\u00a0:<\/p>\n<p align=\"justify\">&#8211; A cause de votre maudit livre, je ne sais pas o\u00f9 est mon fils\u00a0!<\/p>\n<p align=\"justify\">&#8211; Calmez &#8211; vous je sais o\u00f9 il est\u00a0!<\/p>\n<p align=\"justify\">&#8211; J esp\u00e8re bien. Comment comptez-vous nous sortir de l\u00e0\u00a0?\u00a0\u00bb<\/p>\n<p align=\"justify\">John, Lila et Lucien d\u00e9cid\u00e8rent de retourner au chalet, pour que Lucien leur raconte son histoire, se poser et r\u00e9fl\u00e9chir au moyen de rentrer chez eux.<\/p>\n<p align=\"justify\">Une fois arriv\u00e9s au chalet, ils s\u2019install\u00e8rent sur les chaises et tout \u00e0 coup, John qui se balan\u00e7ait toujours sur les chaises, bascula en arri\u00e8re. En tombant il s\u2019accrocha \u00e0 la seule chose qu\u2019il trouva pr\u00e8s de lui, le livre plac\u00e9 sur l\u2019\u00e9tag\u00e8re. A ce moment l\u00e0 une trappe s\u2019ouvrit, laissant appara\u00eetre un toboggan.<\/p>\n<p align=\"justify\">\u00ab\u00a0WAOUH, c\u2019est peut \u00eatre le chemin pour sortir du livre\u00a0!\u00a0\u00bb<\/p>\n<p align=\"justify\">Ils d\u00e9cid\u00e8rent chacun leur tour de descendre par le toboggan.<\/p>\n<p align=\"justify\">Pendant ce temps, leurs amis qui \u00e9taient rest\u00e9s \u00e0 la biblioth\u00e8que cherchaient eux aussi, un moyen de les lib\u00e9rer. Ils fouillaient les rayons, pour trouver un indice. Soudain, ils entendirent un \u00e9norme bruit provenant du bureau de Lucien Leprince. Ils se pr\u00e9cipit\u00e8rent dans la pi\u00e8ce et ils d\u00e9couvrirent un trou dans le plafond et allong\u00e9s par terre, John, Lila et Lucien Leprince.<\/p>\n<p align=\"justify\">Taylor poussa un cri de joie\u00a0:\u00a0\u00bbMaman\u00a0\u00bb\u00a0!<\/p>\n<p class=\"has-text-color\"><span style=\"color: #0000ff;\"><strong>Partie 5 : La situation finale du 3 au 28 f\u00e9vrier 2025 \u2013 Classe de Mme Perdrieau\u00a0<\/strong><\/span><\/p>\n<p>Taylor se rapprocha, entoura sa maman de ses bras et lui dit : \u00ab\u00a0J\u2019ai cru que je n\u2019allais plus jamais te revoir\u2026 J\u2019ai cru te perdre \u00e0 jamais\u2026\u00a0\u00bb La maman, \u00e9mue, lui r\u00e9pondit\u00a0: \u00ab\u00a0Moi aussi, mon petit lapin.\u00a0\u00bb<\/p>\n<p>Lucien Leprince \u00e9voque\u00a0: \u00ab\u00a0Je vais finir ce livre pour de bon\u00a0! Mais j\u2019aurais besoin de vous pour rompre le sort\u00a0! Il faut que nous l\u2019\u00e9crivions tous les six.\u00a0\u00bb<\/p>\n<p>Alors, les six amis se mirent autour du bureau pour terminer le livre. Ils d\u00e9cid\u00e8rent d\u2019\u00e9crire une phrase chacun leur tour, jusqu\u2019\u00e0 la fin de l\u2019histoire. Afin de v\u00e9rifier si le sort est rompu, ils d\u00e9cid\u00e8rent de prendre le risque de lire le livre en entier, tous ensemble\u2026 Au bout de deux heures de lecture, personne ne s\u2019est t\u00e9l\u00e9port\u00e9\u00a0: miracle\u00a0! Le sort est rompu.<\/p>\n<p>Enfin, John, Kate, Elizabeth et leur chien Rex d\u00e9cid\u00e8rent de rentrer \u00e0 leur cabane, cette ancienne carcasse d\u2019avion anglais, afin de savourer leur victoire autour d\u2019un bon th\u00e9 chaud. Rex, qui avait besoin de r\u00e9confort, voulu aller manger ses croquettes. La gamelle \u00e9tait vide\u00a0! Il le fit comprendre \u00e0 ses ma\u00eetres qui lui donn\u00e8rent ses croquettes pr\u00e9f\u00e9r\u00e9es.<\/p>\n<p>Tout le monde est sain et sauf. Les amis sont pr\u00eats pour de nouvelles aventures !\u00a0<\/p>","protected":false},"excerpt":{"rendered":"<p>Soudain, il le sentit, cela allait de nouveau se produire. Partie 1 : Situation initiale du 18 au 29 novembre 2024 &#8211; Classe de Mme Granry C&rsquo;\u00e9tait le 26 d\u00e9cembre 1920, un peu plus de deux ans apr\u00e8s la fin de la Premi\u00e8re Guerre mondiale. L\u2019hiver \u00e9tait glacial. En Grande-Bretagne, Londres poursuivait sa reconstruction. \u00c0 [&hellip;]<\/p>\n","protected":false},"author":8,"featured_media":0,"parent":0,"menu_order":0,"comment_status":"closed","ping_status":"closed","template":"","meta":{"footnotes":""},"class_list":["post-3755","page","type-page","status-publish","hentry"],"_links":{"self":[{"href":"https:\/\/ddec72.org\/WordPress-ecole\/wp-json\/wp\/v2\/pages\/3755","targetHints":{"allow":["GET"]}}],"collection":[{"href":"https:\/\/ddec72.org\/WordPress-ecole\/wp-json\/wp\/v2\/pages"}],"about":[{"href":"https:\/\/ddec72.org\/WordPress-ecole\/wp-json\/wp\/v2\/types\/page"}],"author":[{"embeddable":true,"href":"https:\/\/ddec72.org\/WordPress-ecole\/wp-json\/wp\/v2\/users\/8"}],"replies":[{"embeddable":true,"href":"https:\/\/ddec72.org\/WordPress-ecole\/wp-json\/wp\/v2\/comments?post=3755"}],"version-history":[{"count":36,"href":"https:\/\/ddec72.org\/WordPress-ecole\/wp-json\/wp\/v2\/pages\/3755\/revisions"}],"predecessor-version":[{"id":6571,"href":"https:\/\/ddec72.org\/WordPress-ecole\/wp-json\/wp\/v2\/pages\/3755\/revisions\/6571"}],"wp:attachment":[{"href":"https:\/\/ddec72.org\/WordPress-ecole\/wp-json\/wp\/v2\/media?parent=3755"}],"curies":[{"name":"wp","href":"https:\/\/api.w.org\/{rel}","templated":true}]}}