{"id":3749,"date":"2021-10-12T17:06:52","date_gmt":"2021-10-12T15:06:52","guid":{"rendered":"https:\/\/ddec72.org\/WordPress-ecole\/?page_id=3749"},"modified":"2025-02-20T15:47:01","modified_gmt":"2025-02-20T14:47:01","slug":"recit-bleu-a","status":"publish","type":"page","link":"https:\/\/ddec72.org\/WordPress-ecole\/recit-bleu-a\/","title":{"rendered":"R\u00e9cit Bleu A : L&rsquo;ECHAPPEE"},"content":{"rendered":"<p><a href=\"https:\/\/ddec72.org\/WordPress-ecole\/wp-content\/uploads\/2024\/11\/livre.jpeg\"><img loading=\"lazy\" decoding=\"async\" class=\"wp-image-6189 aligncenter\" src=\"https:\/\/ddec72.org\/WordPress-ecole\/wp-content\/uploads\/2024\/11\/livre-300x171.jpeg\" alt=\"\" width=\"409\" height=\"233\" srcset=\"https:\/\/ddec72.org\/WordPress-ecole\/wp-content\/uploads\/2024\/11\/livre-300x171.jpeg 300w, https:\/\/ddec72.org\/WordPress-ecole\/wp-content\/uploads\/2024\/11\/livre-1024x585.jpeg 1024w, https:\/\/ddec72.org\/WordPress-ecole\/wp-content\/uploads\/2024\/11\/livre-768x439.jpeg 768w, https:\/\/ddec72.org\/WordPress-ecole\/wp-content\/uploads\/2024\/11\/livre-1536x878.jpeg 1536w, https:\/\/ddec72.org\/WordPress-ecole\/wp-content\/uploads\/2024\/11\/livre-624x357.jpeg 624w, https:\/\/ddec72.org\/WordPress-ecole\/wp-content\/uploads\/2024\/11\/livre.jpeg 1792w\" sizes=\"auto, (max-width: 409px) 100vw, 409px\" \/><\/a><\/p>\n<blockquote>\n<p style=\"text-align: center;\">Les lettres chut\u00e8rent et form\u00e8rent des phrases.<\/p>\n<\/blockquote>\n<p class=\"has-text-color\"><span style=\"color: #0000ff;\"><strong>Partie 1 : Situation initiale du 18 au 29 novembre 2024 &#8211; Classe de Mme Chaplin<br \/><\/strong><\/span><\/p>\n<p><span style=\"font-weight: 400;\">Lucas \u00e9tait un jeune gar\u00e7on de douze aux cheveux bruns et aux yeux verts turquoises. On le surnommait\u00a0 \u201cLulu\u201d et cela lui rappelait sa maman qui avait trouv\u00e9 ce surnom affectueux. Ce gar\u00e7on portait souvent un polo USA car il adorait le football am\u00e9ricain. Le jeune homme portait aussi des jeans et des baskets la plupart du temps. Lucas pratiquait le foot et le v\u00e9lo. Il avait un d\u00e9faut : il prenait tout mal. C\u2019\u00e9tait un grand susceptible. Il mesurait un m\u00e8tre et quarante huit centim\u00e8tres. Il aimait bien aider. Il \u00e9tait n\u00e9 \u00e0 Paris mais il avait des origines espagnoles. Il \u00e9tait passionn\u00e9 de lecture. Il \u00e9tait gourmand ainsi que gentil.\u00a0<\/span><\/p>\n<p><span style=\"font-weight: 400;\">Il avait adopt\u00e9 une panth\u00e8re comme animal de compagnie. Le jour de son dixi\u00e8me anniversaire, lui et son cousin avaient trouv\u00e9 dans la for\u00eat une petite panth\u00e8re \u00e9chapp\u00e9e du zoo. Il ne l\u2019a jamais rendu et l\u2019a appel\u00e9e Shara.\u00a0<\/span><\/p>\n<p><span style=\"font-weight: 400;\">Les parents de Lucas \u00e9tait partis en voyage depuis longtemps. Pour qu\u2019il puisse se faire \u00e0 manger lorsqu\u2019il n\u2019avait plus rien, il marchait jusqu\u2019au village d\u2019\u00e0 c\u00f4t\u00e9 et payait avec l\u2019argent que ses parents lui avaient laiss\u00e9.<\/span><\/p>\n<p><span style=\"font-weight: 400;\">\u00a0\u00a0Le manoir de Lucas \u00e9tait sombre,\u00a0 vieux et sinistre. Il \u00e9tait situ\u00e9 au fin fond des bois. La maison \u00e9tait vieille de cent ans. Cette demeure \u00e9tait dans la for\u00eat de \u00ab\u00a0Machouitad\u00a0\u00bb. Cette for\u00eat \u00e9tait si myst\u00e9rieuse, qu&rsquo;elle n&rsquo;apparaissait sur aucune carte. Dans le manoir, il y avait une grande tour. Lucas aimait y lire l\u2019\u00e9t\u00e9 car il y faisait bon. Mais malheureusement, l\u2019histoire se passe en hiver. Lucas devait fermer toutes les fen\u00eatres sinon, il allait se faire emporter par le vent. En effet, une terrible temp\u00eate soufflait. Comme Lucas \u00e9tait un peu fain\u00e9ant et mal organis\u00e9, il ne nettoyait jamais sa maison. Il y avait donc plein de toiles d\u2019araign\u00e9es et de la poussi\u00e8re. Quelques souris venaient m\u00eame parfois grignoter les miettes. Il y avait les murs noirs et le plancher qui grin\u00e7ait.\u00a0<\/span><\/p>\n<p><span style=\"font-weight: 400;\">Le soir, il aimait lire avant de s\u2019endormir pour se mettre des histoires en t\u00eate et qu\u2019il puisse en r\u00eaver. Il aimait lire car sa maman \u00e9tait une grande biblioth\u00e9caire et elle lui laissait parfois les cl\u00e9s de la biblioth\u00e8que lorsqu\u2019elle n\u2019\u00e9tait pas l\u00e0. Il pr\u00e9f\u00e9rait : les romans \u00ab\u00a0le club des cinq\u201d de Enid Blyton, \u00ab\u00a0les influenceuses\u201d d\u2019Anouk Filippini, le manga \u00ab\u00a0One Piece\u201d d\u2019Eiichir\u014d Oda , les bandes dessin\u00e9es\u00a0 \u00a0\u00bb Toto en classe de neige\u201d de Thierry Copp\u00e9e, les magazines \u00ab\u00a0Picsou\u201d,\u00a0 le conte de la Belle au bois dormant de Charles Perrault, les histoires de la mythologie grecque tout particuli\u00e8rement le mythe d\u2019\u0152dipe et l\u2019Odyss\u00e9e d\u2019Ulysse. En somme, il adorait lire tout ce qui lui passait sous les yeux. <\/span><\/p>\n<p class=\"has-text-color\"><span style=\"color: #0000ff;\"><strong>\u00a0<\/strong><\/span><\/p>\n<p class=\"has-text-color\"><strong><span style=\"color: #0000ff;\">Partie 2 : \u00c9l\u00e9ment d\u00e9clencheur du 2 au 13 d\u00e9cembre 2024 \u2013 Classe de Mme Granry<\/span><br \/><\/strong><\/p>\n<p>Un soir, alors que Lucas lisait bien au chaud dans son lit, une violente temp\u00eate s&rsquo;abattit sur la tour du manoir. Apr\u00e8s une bourrasque, un \u00e9clair z\u00e9bra le ciel et toucha une fen\u00eatre et \u00ab zinnnng \u00bb : une vitre se brisa et \u00e9clata en mille morceaux. Lucas descendit les marches quatre \u00e0 quatre, s&rsquo;approcha de la vitre et crut apercevoir un bonhomme avec un chapeau haut-de-forme rouge tel un piment\u2026 Pour en avoir le c\u0153ur net, Lucas se d\u00e9cida \u00e0 rejoindre la for\u00eat. Il enfila sa veste, attrapa une lampe de poche et appela sa panth\u00e8re Shara qui feula. Les deux amis atteignirent l\u2019or\u00e9e du bois d\u2019un silence \u00e0 glacer le sang. Puis, ils s\u2019enfonc\u00e8rent dans la for\u00eat pour suivre le fant\u00f4me qu\u2019ils avaient cru apercevoir. Malheureusement, ils se perdirent. Une chose brillante attira leur attention : peut-\u00eatre l&rsquo;ombre du fant\u00f4me qui se d\u00e9composait petit \u00e0 petit. Ils s\u2019approch\u00e8rent et furent \u00e9tonn\u00e9s de d\u00e9couvrir des lettres d&rsquo;or qui virevoltaient de-ci de-l\u00e0 entre les arbres, en formant un chemin. Tr\u00e8s surpris, ils suivirent le chemin de lettres et d\u00e9couvrirent un livre magnifique en cuir rouge sur lequel \u00e9tait \u00e9crit \u00ab Mythologie : les odyss\u00e9es d&rsquo;Ulysse \u00bb. Lucas le prit d\u00e9licatement et l&rsquo;ouvrit sous le regard fig\u00e9 de Shara. C\u2019est alors qu\u2019il eut le tournis. Pour ne pas affoler Shara, il poussa un l\u00e9ger cri tel un ventriloque, sans remuer les l\u00e8vres. Soudain, les deux complices se sentirent aspir\u00e9s.<\/p>\n<p class=\"has-text-color\"><strong><span style=\"color: #0000ff;\">Partie 3 : S\u00e9rie d\u2019actions du 6 au 17 janvier 2025 \u2013 Classe de Mme Houdayer<\/span><br \/><\/strong><\/p>\n<p><span style=\"color: #000000;\"><span style=\"font-family: Times New Roman, serif;\"><span style=\"font-size: medium;\">Lucas et sa panth\u00e8re atterrirent dans une pi\u00e8ce tr\u00e8s sombre avec une immense biblioth\u00e8que comme dans son manoir. Pourtant il ne reconnut pas cette pi\u00e8ce. Il portait une redingote et une chemise blanche. Il vit une lumi\u00e8re au fond de la pi\u00e8ce . Sur une table il y avait une lampe \u00e0 p\u00e9trole.<\/span><\/span><\/span><\/p>\n<p><span style=\"color: #000000;\"><span style=\"font-family: Times New Roman, serif;\"><span style=\"font-size: medium;\">Lucas prit la lampe \u00e0 p\u00e9trole et d\u00e9cida d\u2019aller d\u00e9couvrir ce lieu \u00e9trange o\u00f9 ils venaient d\u2019arriver.<\/span><\/span><\/span><\/p>\n<p><span style=\"color: #000000;\"><span style=\"font-family: Times New Roman, serif;\"><span style=\"font-size: medium;\">En sortant de la pi\u00e8ce il vit l\u2019escalier. Il descendit et tomba sur un panneau o\u00f9 il \u00e9tait \u00e9crit \u00ab\u00a0Le monde de l\u2019alphabet\u00a0\u00bb et un mur rempli de lettres couleur d\u2019or.<\/span><\/span><\/span><\/p>\n<p><span style=\"color: #000000;\"><span style=\"font-family: Times New Roman, serif;\"><span style=\"font-size: medium;\">Tout \u00e0 coup, Shara qui l\u2019avait suivi, partit en courant dans la pi\u00e8ce voisine, pour chasser des papillons qui passaient par la fen\u00eatre cass\u00e9e. Ces papillons \u00e9taient scintillants. En s\u2019approchant, Lucas s\u2019aper\u00e7ut que c\u2019\u00e9taient des lettres volantes comme celles qu\u2019ils avaient suivies dans la for\u00eat de \u00ab\u00a0Machouitad\u00a0\u00bb.<\/span><\/span><\/span><\/p>\n<p><span style=\"color: #000000;\"><span style=\"font-family: Times New Roman, serif;\"><span style=\"font-size: medium;\">Soudain, Lucas se retourna et vit le bonhomme avec un chapeau haut-de-forme tel un piment. Mais d\u00e8s qu\u2019il les vit, il partit en courant et sortit de la maison. Lucas et Shara le suivirent. Dehors, ils d\u00e9couvrirent un jardin avec des plantes et des arbres couverts de lettres brillantes. Quel spectacle magique\u00a0!!!<\/span><\/span><\/span><\/p>\n<p><span style=\"color: #000000;\"><span style=\"font-family: Times New Roman, serif;\"><span style=\"font-size: medium;\">Le bonhomme lui, avait disparu. Lucas se demanda ce qui allait lui arriver et surtout comment il allait rentrer chez lui. Il entendit des bruits \u00e9tranges qui r\u00e9sonnaient au loin, il eut si peur qu\u2019il retourna dans la biblioth\u00e8que.<\/span><\/span><\/span><\/p>\n<p><span style=\"color: #000000;\"><span style=\"font-family: Times New Roman, serif;\"><span style=\"font-size: medium;\">Shara le tira par la redingote pour l\u2019emmener vers une \u00e9tag\u00e8re remplie de livres. A ce moment, Lucas aper\u00e7ut un livre en cuir rouge comme celui qui les avait aspir\u00e9s avec le m\u00eame titre \u00ab\u00a0Mythologie\u00a0: les odyss\u00e9es d\u2019Ulysse\u00a0\u00bb. Lucas se dit quand l\u2019ouvrant, il rentrerait peut \u00eatre chez lui. Il le prit, le posa sur la table et l\u2019ouvrit. Il se recula et les lettres sortirent du livre en virevoltant. Mais soudain <b>les lettres chut\u00e8rent et form\u00e8rent des phrases<\/b><b>.<\/b><\/span><\/span><\/span><\/p>\n<p><span style=\"color: #000000;\"><span style=\"font-family: Times New Roman, serif;\"><span style=\"font-size: medium;\">POUR RENTRER CHEZ TOI, TU DEVRAS TROUVER LA CLE ROUGE.<\/span><\/span><\/span><\/p>\n<p><span style=\"color: #000000;\"><span style=\"font-family: Times New Roman, serif;\"><span style=\"font-size: medium;\">ROUGE COMME UN PIMENT TEL UN CHAPEAU.<\/span><\/span><\/span><\/p>\n<p><span style=\"color: #000000;\"><span style=\"font-family: Times New Roman, serif;\"><span style=\"font-size: medium;\">Il r\u00e9fl\u00e9chit et se dit que la solution, c\u2019\u00e9tait le bonhomme au chapeau haut de forme.<\/span><\/span><\/span><\/p>\n<p><span style=\"color: #000000;\"><span style=\"font-family: Times New Roman, serif;\"><span style=\"font-size: medium;\">Il regarda par la fen\u00eatre et aper\u00e7ut l\u2019homme entrain de ramasser des lettres d\u2019or dans un arbre. Il se pr\u00e9cipita dehors et s\u2019approcha discr\u00e8tement de l\u2019\u00e9chelle, mais d\u00e8s que le petit homme le vit, il disparut rapidement vers la maison. Lulu le suivit en courant, il monta l\u2019escalier et le bonhomme descendit par un autre escalier. D\u00e8s qu\u2019il arrivait dans une pi\u00e8ce, le bonhomme disparaissait aussit\u00f4t dans une autre&#8230;Cela dura un bon bout de temps, jusqu\u2019\u00e0 ce que Lucas r\u00e9ussit \u00e0 l\u2019enfermer dans la cuisine.<\/span><\/span><\/span><\/p>\n<p><span style=\"color: #000000;\"><span style=\"font-family: Times New Roman, serif;\"><span style=\"font-size: medium;\">\u00ab\u00a0&#8211;\u00a0Pourquoi m\u2019avez-vous fait venir ici, si vous me fuyez\u00a0? lui demanda Lucas.<\/span><\/span><\/span><\/p>\n<p><span style=\"color: #000000;\"><span style=\"font-family: Times New Roman, serif;\"><span style=\"font-size: medium;\">&#8211; Parce que j\u2019ai besoin de toi\u00a0?<\/span><\/span><\/span><\/p>\n<p><span style=\"color: #000000;\"><span style=\"font-family: Times New Roman, serif;\"><span style=\"font-size: medium;\">&#8211; Mais alors pourquoi disparais-tu \u00e0 chaque fois\u00a0?<\/span><\/span><\/span><\/p>\n<p><span style=\"color: #000000;\"><span style=\"font-family: Times New Roman, serif;\"><span style=\"font-size: medium;\">-Mais c\u2019est ta panth\u00e8re, elle me fait tr\u00e8s peur\u00a0?<\/span><\/span><\/span><\/p>\n<p><span style=\"color: #000000;\"><span style=\"font-family: Times New Roman, serif;\"><span style=\"font-size: medium;\">&#8211; Shara\u00a0! Elle est apprivois\u00e9e et inoffensive. Elle ne ferait pas de mal \u00e0 un papillon.<\/span><\/span><\/span><\/p>\n<p><span style=\"color: #000000;\"><span style=\"font-family: Times New Roman, serif;\"><span style=\"font-size: medium;\">Shara s\u2019approcha du bonhomme doucement et lui fit des papouilles.<\/span><\/span><\/span><\/p>\n<p><span style=\"color: #000000;\"><span style=\"font-family: Times New Roman, serif;\"><span style=\"font-size: medium;\">&#8211; Je te propose un march\u00e9, je t\u2019aide \u00e0 r\u00e9soudre ton probl\u00e8me \u00e0 condition que tu m\u2019aides \u00e0 rentrer chez moi.<\/span><\/span><\/span><\/p>\n<p><span style=\"color: #000000;\"><span style=\"font-family: Times New Roman, serif;\"><span style=\"font-size: medium;\">&#8211; March\u00e9 conclu.<\/span><\/span><\/span><\/p>\n<p><span style=\"color: #000000;\"><span style=\"font-family: Times New Roman, serif;\"><span style=\"font-size: medium;\">Le bonhomme raconta \u00e0 Lucas toute l\u2019histoire. Il y a trois jours, en se r\u00e9veillant il avait retrouv\u00e9 le livre de \u00ab\u00a0L\u2019odyss\u00e9e d\u2019Ulysse\u00a0\u00bb par terre. Les derni\u00e8res pages du livre \u00e9taient blanches, plus de fin.<\/span><\/span><\/span><\/p>\n<p><span style=\"color: #000000;\"><span style=\"font-family: Times New Roman, serif;\"><span style=\"font-size: medium;\">Un message \u00e9tait \u00e9crit\u00a0: \u00ab\u00a0A toi de r\u00e9\u00e9crire la fin sinon le monde de l\u2019alphabet dispara\u00eetra et toutes les histoires du monde aussi\u00a0.\u00a0\u00bb<\/span><\/span><\/span><\/p>\n<p><span style=\"color: #000000;\"><span style=\"font-family: Times New Roman, serif;\"><span style=\"font-size: medium;\">&#8211; Tu sais j\u2019ai de nombreux pouvoirs, mais pas celui de l\u2019\u00e9criture, alors que toi, je t\u2019ai espionn\u00e9, avec tous les livres que tu as lus, tu dois avoir ce talent. \u00bb<\/span><\/span><\/span><\/p>\n<p class=\"has-text-color\"><strong><span style=\"color: #0000ff;\">Partie 4 : Le d\u00e9nouement du 20\u00a0 au 31 janvier 2025 \u2013 Classe de Mme Perdrieau\u00a0<\/span><br \/><\/strong><\/p>\n<p>Apr\u00e8s quelques minutes de silence, l\u2019homme invita Lucas \u00e0 monter s\u2019installer autour d\u2019une grande table, au centre de la biblioth\u00e8que.<\/p>\n<p>En montant l\u2019escalier, Lucas le questionna\u00a0: \u00ab\u00a0Qui \u00eates-vous\u00a0? Comment vous appelez-vous\u00a0? Je ne connais rien sur vous\u2026<\/p>\n<p>&#8211; Je m\u2019appelle Maki, Maki Madou, lui r\u00e9pondit l\u2019homme, en le regardant de ses grands yeux bleus. Je suis le gardien de ce manoir, mais prisonnier d\u2019un univers parall\u00e8le au tien\u2026 Comme je te l\u2019ai dit, j\u2019ai de grands pouvoirs, mais je n\u2019ai pas celui de l\u2019\u00e9criture\u2026<\/p>\n<p>&#8211; Tu vis seul ici ? O\u00f9 est ta famille ? l\u2019interrogea Lulu.<\/p>\n<p>&#8211; Je vis seul\u2026 Je n\u2019ai pas de parents, pas de fr\u00e8re, pas de s\u0153ur, dit Maki, le visage triste. Je suis Maki, c\u2019est tout. \u00bb<\/p>\n<p>Lucas n\u2019en savait pas beaucoup plus sur cet homme myst\u00e9rieux. Mais il sentait qu\u2019il pouvait lui faire confiance, alors lui et Shara continu\u00e8rent de le suivre. \u00a0<\/p>\n<p>\u00ab\u00a0Alors enchant\u00e9 Maki, moi, c\u2019est Lucas.<\/p>\n<p>&#8211; Je connais ton nom. Tu es le seul \u00e0 pouvoir m\u2019aider, dit Maki. Tu es intelligent, sportif, tu as de grandes qualit\u00e9s et tu sais \u00e9crire. Aide-moi. \u00bb<\/p>\n<p>Arriv\u00e9s dans la biblioth\u00e8que, Maki et Lulu s\u2019install\u00e8rent autour d\u2019une grande table. Shara alla directement jouer avec les lettres volantes. Maki expliqua \u00e0 Lucas\u00a0: \u00ab\u00a0Il faut que l\u2019on r\u00e9\u00e9crive la suite de <em>l\u2019Odyss\u00e9e d\u2019Ulysse<\/em> ou sinon plus personne ne pourra lire\u00a0!<\/p>\n<p>&#8211; Pourquoi ? demanda Lucas.<\/p>\n<p>&#8211; Car <em>l\u2019Odyss\u00e9e d\u2019Ulysse <\/em>contr\u00f4le tous les livres de cette biblioth\u00e8que, qui contient tous les livres existants au monde\u00a0! r\u00e9pondit l\u2019homme, avec inqui\u00e9tude.<\/p>\n<p>&#8211; Oh ! C\u2019est fantastique ! Une biblioth\u00e8que qui contient tous les livres existants ! dit Lucas.<\/p>\n<p>&#8211; Si tu veux les lire un jour, il faut que l\u2019on se mette au travail.<\/p>\n<p>&#8211; Et si l\u2019on utilisait quelques livres de cette biblioth\u00e8que pour continuer l\u2019histoire ? proposa Lucas. \u00bb<\/p>\n<p>Maki \u00e9tait enchant\u00e9 de cette id\u00e9e. Ils se mirent au travail. Lucas pris un livre au hasard, mais Shara lui arracha des mains et partit au fond de la biblioth\u00e8que pour en d\u00e9vorer toutes les pages\u2026 Lorsque Lucas lui retira, il restait une seule page. Mais celle-ci \u00e9tait compl\u00e8tement vide\u00a0!<\/p>\n<p>Lulu et Makis r\u00e9fl\u00e9chirent. Selon eux, leur id\u00e9e n\u2019ait pas la bonne. Ils se dirent alors qu\u2019il fallait plut\u00f4t s\u2019inspirer de leur imagination et de la connaissance de Lucas sur <em>l\u2019Odyss\u00e9e d\u2019Ulysse <\/em>pour continuer l\u2019histoire. Gr\u00e2ce \u00e0 ses pouvoirs magiques, Maki sortit un stylo magique, permettant \u00e0 Lucas d\u2019\u00e9crire tr\u00e8s vite sans erreurs d\u2019orthographe.<\/p>\n<p>Lucas \u00e9crivait d\u00e9j\u00e0 depuis deux heures. Maki feuilletait des livres et Shara \u00e9tait allong\u00e9e, profitant de ce temps d\u2019\u00e9criture pour faire une bonne sieste, courser les lettres et d\u00e9vorer les pages d\u2019un livre l\u2019avait bien fatigu\u00e9e\u00a0! Tout \u00e0 coup, Maki poussa un grand cri, ce qui r\u00e9veilla la panth\u00e8re en sursaut. Lucas courra vers lui\u2026 \u00ab\u00a0Maki\u00a0! Tu cries juste pour une minuscule araign\u00e9e\u00a0!\u00a0\u00bb Lulu retourna \u00e0 sa place et repris son \u00e9criture.<\/p>\n<p>Une fois le travail termin\u00e9, le livre rouge s\u2019illumina et s\u2019\u00e9leva dans les airs, quel spectacle surprenant\u00a0! Lucas et l\u2019homme au chapeau haut de forme rouge \u00e9taient \u00e0 la fois \u00e9merveill\u00e9s et apeur\u00e9s. Le livre s\u2019ouvrit, et afficha \u00e0 nouveau les phrases\u00a0:<\/p>\n<p>POUR RENTRER CHEZ TOI, TU DEVRAS TROUVER LA CLE ROUGE.<\/p>\n<p>ROUGE COMME UN PIMENT TEL UN CHAPEAU.<\/p>\n<p>\u00ab\u00a0En route Makis\u00a0! cria Lucas en secouant Maki par les bras, aide-moi \u00e0 trouver la cl\u00e9 pour rentrer chez moi, il n\u2019y a que toi\u00a0!<\/p>\n<p>&#8211; Du calme Lucas ! r\u00e9pondit Maki, nous allons la chercher. \u00bb<\/p>\n<p>Lucas et Maki cherch\u00e8rent dans la cuisine, dans le jardin, dans la biblioth\u00e8que parmi les livres, dans les escaliers, sous les marches\u2026 Partout. Ils demand\u00e8rent \u00e0 Shara de les aider, mais celle-ci pr\u00e9f\u00e9rait courir pour attraper les lettres qui volaient\u2026<\/p>\n<p>Apr\u00e8s des heures de recherche, Lucas et Maki \u00e9taient \u00e9puis\u00e9s. Ils d\u00e9cid\u00e8rent d\u2019aller dans la cuisine prendre un th\u00e9. Lucas, qui \u00e9tait tr\u00e8s gourmand, a pr\u00e9f\u00e9r\u00e9 un chocolat chaud avec une belle part de brioche \u00e0 la confiture. Lorsqu\u2019ils commenc\u00e8rent \u00e0 boire leur boisson chaude, Maki se d\u00e9cida \u00e0 enlever son chapeau, car son front transpirait \u00e0 cause de leur longue recherche, lorsque\u2026BADADIIING, un bruit aigu d\u2019un objet en m\u00e9tal tombant sur le sol se fit entendre\u2026 Une cl\u00e9, LA cl\u00e9\u00a0! Une cl\u00e9 toute fine comme une aiguille.<\/p>\n<p>Shara se pr\u00e9cipita sur la cl\u00e9 et la rapporta \u00e0 Lucas\u00a0: \u00ab\u00a0Maki\u00a0! C\u2019est toi qui l\u2019avais depuis le d\u00e9but\u00a0! M\u2019aurais-tu menti\u00a0?<\/p>\n<p>&#8211; Non Lucas, je te promets que je ne t\u2019ai pas menti ! r\u00e9pondit Maki.<\/p>\n<p>&#8211; Oui\u2026 Allons plut\u00f4t l\u2019essayer, o\u00f9 va-t-elle ?<\/p>\n<p>&#8211; Je sais qu\u2019\u00e0 la troisi\u00e8me de couverture du livre rouge il y a un trou tout petit qui correspondrait \u00e0 la cl\u00e9\u2026<\/p>\n<p>&#8211; Allons essayer !!! dit Lucas, impatient de rentrer chez lui \u00bb<\/p>\n<p>Ils all\u00e8rent tous les deux grimper les escaliers pour retourner dans la biblioth\u00e8que, essayer la cl\u00e9 dans le livre.<\/p>\n<p>\u00ab\u00a0Attends Lucas, dit Makis. Je veux juste te dire quelque chose avant que tu retournes chez toi\u2026<\/p>\n<p>&#8211; Je t\u2019\u00e9coute, r\u00e9pondit Lucas.<\/p>\n<p>&#8211; Merci, Lucas. Sans toi, je ne serai jamais parvenu \u00e0 \u00e9crire la fin de <em>l\u2019Odyss\u00e9e d\u2019Ulysse <\/em>et toutes les histoires auraient \u00e9t\u00e9 perdues\u2026 Tu es mon ami. Je te donne une lettre, lis-la uniquement lorsque tu rentreras chez toi\u2026<\/p>\n<p>&#8211; Merci Maki, je suis content de t\u2019avoir rencontr\u00e9, je ne t\u2019oublierai pas et Shara non plus. \u00bb<\/p>\n<p>Maki et Lucas se serr\u00e8rent une poign\u00e9e de main, comme des amis. Puis Lucas s\u2019assit, mit Shara sur ses genoux et ins\u00e9ra la cl\u00e9 dans la troisi\u00e8me de couverture du livre. Tout \u00e0 coup, ils firent tous les deux aspir\u00e9s comme avant qu\u2019ils atterrissent dans l\u2019univers de Maki. Ils se retrouv\u00e8rent assis au pied d\u2019un arbre de la for\u00eat de Machouitad. Lucas avait retrouv\u00e9 ses v\u00eatements (son pull USA) et Shara lui l\u00e9chait le visage. Ils retourn\u00e8rent en marchant vers le manoir\u2026<\/p>\n<p class=\"has-text-color\"><span style=\"color: #0000ff;\"><strong>Partie 5 : La situation finale du 3 au 28 f\u00e9vrier 2025 \u2013 Classe de Mme Le Bray<\/strong><\/span><\/p>\n\n\n<p>Lucas \u00e9tait impatient d&rsquo;ouvrir la lettre de son ami Maki. A peine furent -ils arriv\u00e9s avec Shara que Lulu d\u00e9chira l&rsquo;enveloppe pour savoir ce qu&rsquo;elle contenait.<\/p>\n\n\n\n<p>En l&rsquo;ouvrant, il d\u00e9couvrit une feuille magique&nbsp;: en effet il eut l&rsquo;impression que les lettres dansaient sur la feuille telles des ballerines. Mais une fois ses yeux pos\u00e9s sur les lettres&nbsp;, elles reprirent leur place initiale et form\u00e8rent des mots et des phrases.<\/p>\n\n\n\n<p>Voici ce que disait la lettre&nbsp;:<\/p>\n\n\n\n<p><em>Cher ami Lulu,<\/em><\/p>\n\n\n\n<p><em>Merci de m&rsquo;avoir aid\u00e9 \u00e0 sauver les livres du monde et d&rsquo;\u00eatre mon ami.<\/em><\/p>\n\n\n\n<p><em>Pour te remercier de ces aventures, tu verras, cette lettre est magique&nbsp;: en poussant d\u00e9licatement les lettres tu pourras par le trou venir me rendre visite et je te ferai voyager dans les plus belles biblioth\u00e8ques du monde pour d\u00e9couvrir les plus belles histoires du monde et pourquoi pas un jour, en \u00e9criras-tu une aussi.Shara sera la bienvenue et poura jouer avec des millions de lettres magiques.<\/em><\/p>\n\n\n\n<p><em>&nbsp;&nbsp;&nbsp;&nbsp;&nbsp;&nbsp;&nbsp;&nbsp;&nbsp;&nbsp;&nbsp;&nbsp;&nbsp;&nbsp;&nbsp;&nbsp;&nbsp;&nbsp;&nbsp;&nbsp;&nbsp;&nbsp;&nbsp;&nbsp;&nbsp;&nbsp;&nbsp;&nbsp;&nbsp;&nbsp;&nbsp;&nbsp;&nbsp;&nbsp;&nbsp;&nbsp;&nbsp;&nbsp;&nbsp;&nbsp;&nbsp;&nbsp;&nbsp;&nbsp;&nbsp;&nbsp;&nbsp;&nbsp;&nbsp;&nbsp;&nbsp;&nbsp;&nbsp;&nbsp;&nbsp;&nbsp;&nbsp;&nbsp;&nbsp;&nbsp;&nbsp;&nbsp;&nbsp;&nbsp;&nbsp;&nbsp;&nbsp;&nbsp;&nbsp;&nbsp;&nbsp;&nbsp;&nbsp;&nbsp;&nbsp;&nbsp;&nbsp;&nbsp;&nbsp;&nbsp;&nbsp;&nbsp;&nbsp;&nbsp;&nbsp;&nbsp; Maki&nbsp;<\/em><\/p>\n\n\n\n<p>Quelques ann\u00e9es plus tard \u2026<\/p>\n\n\n\n<p>Lulu est devenu un c\u00e9l\u00e9bre \u00e9crivain qui fait voyager des millions de jeunes lecteurs \u00e0 travers ses histoires. Maki reste son premier lecteur car Lulu lui a transmis son amour des livres et de la lecture.<\/p>\n","protected":false},"excerpt":{"rendered":"<p>Les lettres chut\u00e8rent et form\u00e8rent des phrases. Partie 1 : Situation initiale du 18 au 29 novembre 2024 &#8211; Classe de Mme Chaplin Lucas \u00e9tait un jeune gar\u00e7on de douze aux cheveux bruns et aux yeux verts turquoises. On le surnommait\u00a0 \u201cLulu\u201d et cela lui rappelait sa maman qui avait trouv\u00e9 ce surnom affectueux. Ce [&hellip;]<\/p>\n","protected":false},"author":8,"featured_media":0,"parent":0,"menu_order":0,"comment_status":"closed","ping_status":"closed","template":"","meta":{"footnotes":""},"class_list":["post-3749","page","type-page","status-publish","hentry"],"_links":{"self":[{"href":"https:\/\/ddec72.org\/WordPress-ecole\/wp-json\/wp\/v2\/pages\/3749","targetHints":{"allow":["GET"]}}],"collection":[{"href":"https:\/\/ddec72.org\/WordPress-ecole\/wp-json\/wp\/v2\/pages"}],"about":[{"href":"https:\/\/ddec72.org\/WordPress-ecole\/wp-json\/wp\/v2\/types\/page"}],"author":[{"embeddable":true,"href":"https:\/\/ddec72.org\/WordPress-ecole\/wp-json\/wp\/v2\/users\/8"}],"replies":[{"embeddable":true,"href":"https:\/\/ddec72.org\/WordPress-ecole\/wp-json\/wp\/v2\/comments?post=3749"}],"version-history":[{"count":46,"href":"https:\/\/ddec72.org\/WordPress-ecole\/wp-json\/wp\/v2\/pages\/3749\/revisions"}],"predecessor-version":[{"id":6537,"href":"https:\/\/ddec72.org\/WordPress-ecole\/wp-json\/wp\/v2\/pages\/3749\/revisions\/6537"}],"wp:attachment":[{"href":"https:\/\/ddec72.org\/WordPress-ecole\/wp-json\/wp\/v2\/media?parent=3749"}],"curies":[{"name":"wp","href":"https:\/\/api.w.org\/{rel}","templated":true}]}}