{"id":2562,"date":"2019-09-02T16:22:03","date_gmt":"2019-09-02T14:22:03","guid":{"rendered":"http:\/\/ddec72.org\/WordPress-ecole\/?page_id=2562"},"modified":"2025-02-28T13:47:06","modified_gmt":"2025-02-28T12:47:06","slug":"recit-vert-e","status":"publish","type":"page","link":"https:\/\/ddec72.org\/WordPress-ecole\/recit-vert-e\/","title":{"rendered":"R\u00e9cit Vert E : UNE OBSTINATION"},"content":{"rendered":"\n<figure class=\"wp-block-image\"><a href=\"https:\/\/ddec72.org\/WordPress-ecole\/wp-content\/uploads\/2024\/11\/elephant.jpeg\"><img loading=\"lazy\" decoding=\"async\" width=\"300\" height=\"300\" src=\"https:\/\/ddec72.org\/WordPress-ecole\/wp-content\/uploads\/2024\/11\/elephant-300x300.jpeg\" alt=\"\" class=\"wp-image-6185\" srcset=\"https:\/\/ddec72.org\/WordPress-ecole\/wp-content\/uploads\/2024\/11\/elephant-300x300.jpeg 300w, https:\/\/ddec72.org\/WordPress-ecole\/wp-content\/uploads\/2024\/11\/elephant-150x150.jpeg 150w, https:\/\/ddec72.org\/WordPress-ecole\/wp-content\/uploads\/2024\/11\/elephant-768x768.jpeg 768w, https:\/\/ddec72.org\/WordPress-ecole\/wp-content\/uploads\/2024\/11\/elephant-624x624.jpeg 624w, https:\/\/ddec72.org\/WordPress-ecole\/wp-content\/uploads\/2024\/11\/elephant.jpeg 1024w\" sizes=\"auto, (max-width: 300px) 100vw, 300px\" \/><\/a><\/figure>\n\n\n\n<p class=\"has-text-align-center\"><\/p>\n\n\n\n<blockquote class=\"wp-block-quote is-layout-flow wp-block-quote-is-layout-flow\">\n<p class=\"has-text-align-center\">Mr Hulot l\u2019avait chass\u00e9 hier soir et pourtant ce matin, il \u00e9tait de retour.<\/p>\n<\/blockquote>\n\n\n\n<p class=\"has-text-color\"><span style=\"color: #00ff00;\"><strong>Partie 1 : Situation initiale du 18 au 29 novembre 2024 &#8211; Classe de Mr Accou<\/strong><\/span><\/p>\n\n\n\n<p><span style=\"font-family: Liberation Sans, sans-serif;\">A Loubiloupadouche, une ville florissante d\u2019Arabie, r\u00e9put\u00e9e pour \u00eatre la plus joyeuse du pays, vivait autrefois un jeune enfant de 11 ans qui se pr\u00e9nommait Colt. Son p\u00e8re \u00e9tait un riche et c\u00e9l\u00e8bre marchand d\u2019objets de porcelaine, venu faire affaire dans le pays.<\/span><\/p>\n\n\n\n<p><span style=\"font-family: Liberation Sans, sans-serif;\">Mais Colt \u00e9tait terriblement triste, car ses parents l\u2019emp\u00eachaient de sortir, craignant qu\u2019il se fasse enlever. <\/span><span style=\"font-family: 'Liberation Sans', sans-serif; font-size: revert;\">Il ne pouvait jamais voir ses amis, ni aller au cirque, alors qu\u2019il adorait faire ces activit\u00e9s. <\/span><span style=\"font-family: Liberation Sans, sans-serif;\">Le petit gar\u00e7on, n\u2019en pouvant plus de cette situation, quitta la maison pour se rendre au cirque alors que ses parents travaillaient. <\/span><\/p>\n\n\n\n<p><span style=\"font-family: Liberation Sans, sans-serif;\">Il courut jusqu\u2019au chapiteau, o\u00f9 se d\u00e9roulait la repr\u00e9sentation du jour, et r\u00e9ussit habilement \u00e0 s&rsquo;y introduire. Colt fut \u00e9merveill\u00e9 par les performances des acrobates, la splendeur des animaux et des costumes. Il resta bouche b\u00e9e tout au long du num\u00e9ro mettant en sc\u00e8ne un \u00e9l\u00e9phant, vedette du spectacle. Toutefois, plusieurs marques visibles sur le pachyderme attir\u00e8rent son attention et il voulut le voir de plus pr\u00e8s. <\/span><\/p>\n\n\n\n<p><span style=\"font-family: Liberation Sans, sans-serif;\">Profitant de l\u2019ovation du public en cl\u00f4ture de spectacle, il se faufila vers l\u2019enclos des animaux. Il demanda \u00e0 la dresseuse s\u2019il pouvait faire connaissance avec \u2018Doug\u2019, l\u2019\u00e9l\u00e9phant en t\u00eate d\u2019affiche. Dans un premier temps, celle-ci refusa mais, charm\u00e9e par le regard attendrissant du petit gar\u00e7on, elle finit par l\u2019autoriser \u00e0 s\u2019en approcher&#8230;<\/span><\/p>\n\n\n\n<p class=\"has-text-color\"><strong><span style=\"color: #00ff00;\">Partie 2 : \u00c9l\u00e9ment d\u00e9clencheur du 2 au 13 d\u00e9cembre 2024 \u2013 Classe de Mr Langlais<\/span><br>\n<\/strong><\/p>\n\n\n\n<p>Doug \u00e9tait dans un enclos. Colt s\u2019avan\u00e7a vers lui; l\u2019animal recula de quelques pas, Colt se mit alors \u00e0 croupis pour ne pas lui faire peur. Il le laissa venir \u00e0 lui. Doug vit l\u2019enfant mais ne s\u2019approcha pas de lui, au grand d\u00e9sespoir de Colt. Doug semblait apeur\u00e9 par la pr\u00e9sence de cet enfant qu\u2019il ne connaissait pas.<\/p>\n\n\n\n<p>Colt d\u00e9cida de revenir un autre jour, plut\u00f4t la nuit, en passant par l\u2019ext\u00e9rieur du cirque. Chaque nuit, Colt se rendait au cirque pour tenter d\u2019apprivoiser Doug.<\/p>\n\n\n\n<p>Ce soir-l\u00e0, quand il arriva au cirque, il vit Doug qui gisait sur le sol. Colt se pr\u00e9cipita et vit des traces de coups tr\u00e8s violents partout sur l\u2019animal. Colt mit sa main sur le c\u0153ur de l\u2019\u00e9l\u00e9phant qui respirait toujours. L\u2019immense pachyderme se leva doucement, vit l\u2019enfant et s\u2019approcha de lui. Colt pourrait-il \u00eatre son seul ami&nbsp;? Doug semblait abattu de tristesse. Colt se dit que ce n\u2019\u00e9tait plus possible, que Doug ne pouvait pas rester dans cet \u00e9tat et qu\u2019il fallait pr\u00e9venir quelqu\u2019un\u2026.. mais qui pr\u00e9venir&nbsp;? Ses parents&nbsp;? La police&nbsp;? Le responsable du cirque&nbsp;? La soci\u00e9t\u00e9 protectrice de animaux&nbsp;?<\/p>\n\n\n\n<p>Ses parents&nbsp;? Colt n\u2019y pensa pas car ils ne voulaient pas que l\u2019enfant sorte. Comment faire pour sauver cet animal&nbsp;devenu l\u2019ami de Colt&nbsp;? Colt n\u2019avait pas d\u2019id\u00e9e mais ce qu\u2019il savait, c\u2019est que cet animal devenu son ami \u00e9tait en danger et qu\u2019il fallait le sauver au plus vite.<\/p>\n\n\n\n<p class=\"has-text-color\"><strong><span style=\"color: #00ff00;\">Partie 3 : S\u00e9rie d\u2019actions du 6 au 17 janvier 2025 \u2013 Classe de Mme Kayser<\/span><br><\/strong>Dans la nuit, Colt sortit en cachette de chez lui pour se rendre au cirque. L\u00e0-bas, il ouvrit l\u2019enclos de Doug et lui fit signe de le suivre. L\u2019animal avait peur mais suivit quand m\u00eame Colt qui le rassurait \u201cViens avec moi, je suis l\u00e0 pour te sauver\u201d.<\/p>\n\n\n\n<p>Apr\u00e8s avoir pass\u00e9 la nuit avec Doug dans son jardin, Colt se r\u00e9veilla, il avait tr\u00e8s peur. Il voulait montrer \u00e0 son p\u00e8re que l&rsquo;\u00e9l\u00e9phant n&rsquo;\u00e9tait pas un danger, qu\u2019il pouvait \u00eatre un ami et que, m\u00eame loin du cirque, Doug m\u00e9ritait une chance de vivre autrement.<\/p>\n\n\n\n<p>Le matin, Colt rentra dans la maison tr\u00e8s t\u00f4t pour prendre son petit d\u00e9jeuner, en faisant bien attention \u00e0 ce que ses parents n\u2019ouvrent pas les volets pour qu\u2019ils ne voient pas l\u2019animal. En prenant soin de ne rien montrer, il se rendit directement dans la pi\u00e8ce o\u00f9 son p\u00e8re travaillait : le magasin d&rsquo;objets de porcelaine, un endroit que Colt avait toujours trouv\u00e9 superbe. Il savait que convaincre son p\u00e8re de garder un \u00e9l\u00e9phant dans le magasin ne serait pas une t\u00e2che facile, mais il \u00e9tait d\u00e9termin\u00e9.<\/p>\n\n\n\n<p>\u00ab\u00a0Papa,\u00a0\u00bb commen\u00e7a-t-il tout timidement, \u00ab\u00a0Je\u2026 je voudrais te demander quelque chose. J\u2019ai trouv\u00e9 un ami, et je sais que tu pourrais l\u2019aider. Il s\u2019appelle Doug, c\u2019est un \u00e9l\u00e9phant, et il a besoin de vivre ici, avec nous, loin du cirque.\u00a0\u00bb Colt se lan\u00e7a dans son explication, en racontant tout ce qui s\u2019\u00e9tait pass\u00e9 au cirque et l\u2019importance de sauver Doug.<\/p>\n\n\n\n<p>Son p\u00e8re, surpris, le regarda longuement. Cette id\u00e9e ne lui plaisait pas du tout !. Mais, il connaissait bien son fils et n\u2019\u00e9tait pas surpris de son envie de sauver Doug.<\/p>\n\n\n\n<p>\u00ab\u00a0Tu veux qu\u2019on garde un \u00e9l\u00e9phant ici, dans la boutique ?Tu sais bien que cet endroit est rempli de pi\u00e8ces fragiles, de c\u00e9ramiques pr\u00e9cieuses&#8230; C\u2019est un lieu de travail, pas une jungle!\u00a0\u00bb<\/p>\n\n\n\n<p>\u00ab\u00a0Je promets qu\u2019il ne fera pas de mal aux objets,\u00a0\u00bb r\u00e9pondit Colt, tentant de le convaincre. \u00ab\u00a0Il est calme, doux, et il\u2026 il est mon ami. S&rsquo;il te pla\u00eet, juste pour un petit moment. Je m&rsquo;en occuperai.\u00a0\u00bb<\/p>\n\n\n\n<p>Son p\u00e8re, apr\u00e8s un long silence, finit par dire oui. \u00ab\u00a0D\u2019accord, mais c\u2019est toi qui prends la responsabilit\u00e9. Et si \u00e7a ne fonctionne pas, Doug devra partir.\u00a0\u00bb<\/p>\n\n\n\n<p>Colt se d\u00e9p\u00eacha de conduire Doug dans le magasin, o\u00f9 l\u2019\u00e9l\u00e9phant, bien que g\u00e9ant, se montra curieux et docile. Les premiers instants furent remplis de rires et de surprises. Doug se d\u00e9pla\u00e7ait avec une grande pr\u00e9caution entre les \u00e9tag\u00e8res, \u00e9vitant de renverser les porcelaines fragiles.<\/p>\n\n\n\n<p>Mais, tr\u00e8s vite, les choses prirent une mauvaise tournure\u2026 Doug, en explorant davantage le magasin, renversa accidentellement un vieux vase et fit tomber des pots en porcelaine. Le petit gar\u00e7on tenta d\u00e9sesp\u00e9r\u00e9ment de calmer son ami, mais l\u2019\u00e9l\u00e9phant semblait trop \u00e9nerv\u00e9 pour l&rsquo;instant.<\/p>\n\n\n\n<p>\u00ab\u00a0Doug, non ! Doucement !\u00a0\u00bb s&rsquo;exclama Colt, courant apr\u00e8s l&rsquo;\u00e9l\u00e9phant qui faisait des va-et-vient dans la boutique.<\/p>\n\n\n\n<p>Finalement, c&rsquo;est Mr. Hulot, le p\u00e8re de Colt, qui arriva, tr\u00e8s agac\u00e9, apr\u00e8s avoir entendu le bruit. Il observa le bazar dans la boutique, le regard noir. \u00ab\u00a0C\u2019est trop, Colt ! L\u2019\u00e9l\u00e9phant est bien trop grand pour cet endroit.&nbsp;<\/p>\n\n\n\n<p>Le c\u0153ur de Colt se serra. Il comprenait que son p\u00e8re n\u2019avait plus le choix. \u00ab\u00a0Je vais le ramener au cirque,\u00a0\u00bb annon\u00e7a Mr. Hulot. Colt baissa les yeux, sachant que la situation \u00e9tait d\u00e9sormais hors de contr\u00f4le, il se mit \u00e0 pleurer.<\/p>\n\n\n\n<p>Le soir m\u00eame, apr\u00e8s avoir fait ses adieux \u00e0 Doug, Colt accompagna son p\u00e8re au cirque. L\u2019\u00e9l\u00e9phant, fid\u00e8le \u00e0 son ami, se laissa conduire. Une fois arriv\u00e9, Mr. Hulot regarda son fils et lui : \u00ab\u00a0Tu vois, Colt, il y a des choses que l\u2019on ne peut pas changer. Certains animaux,m\u00eame s\u2019ils ont l\u2019air gentils, ont leur place ailleurs.\u00a0\u00bb<\/p>\n\n\n\n<p>Mais lorsque Mr. Hulot rentra chez lui ce soir-l\u00e0, il ne s\u2019attendait pas \u00e0 ce qui allait se passer le lendemain matin.<\/p>\n\n\n\n<p>Le soleil venait \u00e0 peine de se lever, lorsque Colt entendit un bruit familier dans la rue. Lorsqu&rsquo;il courut \u00e0 la fen\u00eatre, il aper\u00e7ut Doug, tranquillement en train de brouter l\u2019herbe devant la maison. <strong><em>Mr. Hulot l&rsquo;avait chass\u00e9 hier soir, et pourtant, ce matin, il \u00e9tait de retour<\/em><\/strong><\/p>\n\n\n\n<p>Colt sourit, les yeux remplis de larmes de joie. Doug n&rsquo;\u00e9tait pas pr\u00eat \u00e0 abandonner son jeune ami. Ce matin-l\u00e0, Colt eu une id\u00e9e. Peut-\u00eatre qu&rsquo;il y avait encore une chance de faire comprendre \u00e0 son p\u00e8re que Doug et lui \u00e9taient ins\u00e9parables, que leur amiti\u00e9 avait \u00e9t\u00e9 scell\u00e9e pour de bon. Mais cette fois, il savait qu\u2019il devrait \u00eatre plus malin, plus strat\u00e9gique.<\/p>\n\n\n\n<p class=\"has-text-color\">\u00ab\u00a0Papa,\u00a0\u00bb murmura Colt, \u00ab\u00a0Doug est revenu. Et cette fois, je sais ce qu&rsquo;il faut faire.\u00a0\u00bb<strong><br><\/strong><\/p>\n\n\n\n<p class=\"has-text-color\"><strong><span style=\"color: #00ff00;\">Partie 4 : Le d\u00e9nouement du 20&nbsp; au 31 janvier 2025 \u2013 Classe de Mme Gu\u00e9rin<\/span><br><\/strong>Colt avait plusieurs id\u00e9es dans sa t\u00eate pour essayer de rester avec Doug et surtout de le faire sortir du cirque. Il partit voir son p\u00e8re pour lui demander s&rsquo;il pouvait acheter l&rsquo;\u00e9l\u00e9phant. Son p\u00e8re lui expliqua que c&rsquo;\u00e9tait une tr\u00e8s grande responsabilit\u00e9. Il refusa.<\/p>\n\n\n\n<p>Colt voulait prouver \u00e0 son p\u00e8re que Doug \u00e9tait un \u00e9l\u00e9phant mais avant tout un v\u00e9ritable ami. Il \u00e9tait donc d\u00e9termin\u00e9 \u00e0 faire changer d&rsquo;avis son p\u00e8re. Le petit gar\u00e7on savait qu&rsquo;il devait \u00e9laborer un plan pour convaincre son p\u00e8re de garder Doug avec eux, et cette fois, il \u00e9tait pr\u00eat \u00e0 tout. Il passa les deux jours suivants \u00e0 r\u00e9fl\u00e9chir pour trouver la meilleure solution possible. Quand il trouva enfin, il la proposa \u00e0 son p\u00e8re&nbsp;: \u00ab Je pense que si nous montrons \u00e0 tout le monde combien Doug est sp\u00e9cial, doux et intelligent peut-\u00eatre que nous pourrions le garder. Nous pourrions organiser une d\u00e9monstration dans la rue de Loubiloupadouche pour montrer les talents de Doug. \u00bb<\/p>\n\n\n\n<p>Mr. Hulot fut \u00e9tonn\u00e9 par l&rsquo;id\u00e9e de son fils. \u00ab Une d\u00e9monstration ? Tu veux dire un spectacle ? \u00bb<\/p>\n\n\n\n<p>\u00ab Oui, c&rsquo;est exactement \u00e7a ! Nous pourrions montrer que Doug est diff\u00e9rent des autres \u00e9l\u00e9phants. Il pourrait faire quelques tours, comme s\u2019asseoir ou lever sa trompe. Nous pourrions proposer une balade sur son dos. Je suis s\u00fbr que tout le monde serait surpris et comprendrait qu&rsquo;il n&rsquo;est pas un animal dangereux \u00bb, r\u00e9pondit Colt, plein d&rsquo;enthousiasme.<\/p>\n\n\n\n<p>Mr. Hulot r\u00e9fl\u00e9chit&nbsp;et admit: \u00ab En effet, cela pourrait \u00eatre une id\u00e9e int\u00e9ressante. Mais tu sais que nous devrons \u00eatre prudents. \u00bb<\/p>\n\n\n\n<p>Conscient des remarques de son p\u00e8re, Colt lui dit&nbsp;: \u00ab Je te promets que je ferai tout pour que Doug reste calme. Et puis, nous pourrions pr\u00e9parer des affiches pour annoncer notre spectacle et sensibiliser aussi les gens \u00e0 la protection des animaux. \u00bb<\/p>\n\n\n\n<p>Finalement, face \u00e0 l&rsquo;ent\u00eatement de son fils, Mr. Hulot c\u00e9da. Ravi, Colt se mit au travail rapidement. Il passa la matin\u00e9e \u00e0 dessiner des affiches color\u00e9es pour indiquer le lieu, l&rsquo;heure et la date. De plus, l&rsquo;\u00e9l\u00e9phant connaissait d\u00e9j\u00e0 quelques tours ce qui rendit la t\u00e2che plus facile pour Colt. Doug, semblait comprendre que quelque chose de sp\u00e9cial se pr\u00e9parait, et il \u00e9tait pr\u00eat \u00e0 aider son jeune ami.<\/p>\n\n\n\n<p>Le jour de la d\u00e9monstration, Colt invita tous les voisins, des amis, \u00e0 venir voir le spectacle. Une foule de passants \u00e9tait curieux de voir un \u00e9l\u00e9phant dans leurs rues. Le petit gar\u00e7on se tenait devant Doug, pr\u00eat \u00e0 commencer.<\/p>\n\n\n\n<p>\u00ab Bonjour \u00e0 tous ! Je m&rsquo;appelle Colt, et voici mon ami Doug ! \u00bb s&rsquo;exclama-t-il, un peu stress\u00e9. \u00abAujourd&rsquo;hui, nous allons vous montrer qu&rsquo;il est possible d&rsquo;avoir un \u00e9l\u00e9phant comme ami. \u00bb<\/p>\n\n\n\n<p>Colt commen\u00e7a \u00e0 montrer quelques tours \u00e0 Doug, et \u00e0 la grande surprise des spectateurs, Doug les ex\u00e9cuta avec une agilit\u00e9 \u00e9tonnante. Il s\u2019assit, leva sa trompe et m\u00eame fit un petit tour sur lui-m\u00eame. Les rires et les applaudissements r\u00e9sonnaient dans la rue. Au fur et \u00e0 mesure que le spectacle avan\u00e7ait, Colt remarqua le changement de regard de son p\u00e8re. Un sourire se dessinait sur son visage. Toute la foule ne cessait d&rsquo;applaudir et d&rsquo;encourager.<\/p>\n\n\n\n<p>Apr\u00e8s la d\u00e9monstration, Colt s&rsquo;adressa \u00e0 la foule. \u00ab Merci \u00e0 tous d&rsquo;\u00eatre venus ! Je veux juste que vous sachiez que Doug n&rsquo;est pas un simple \u00e9l\u00e9phant. Il a besoin de notre aide pour \u00eatre heureux et en s\u00e9curit\u00e9. Ensemble, nous pouvons montrer que les animaux m\u00e9ritent d&rsquo;\u00eatre prot\u00e9g\u00e9s. \u00bb<\/p>\n\n\n\n<p>Tout le monde applaudit pour montrer leur soutien \u00e0 Colt. Son p\u00e8re, \u00e9mu par l&rsquo;investissement de son fils et par l\u2019affection que les gens avaient pour Doug, s&rsquo;approcha de lui.<\/p>\n\n\n\n<p>\u00ab Colt, je dois admettre que je ne me suis pas rendu compte que cet \u00e9l\u00e9phant \u00e9tait sp\u00e9cial et combien tu tenais \u00e0 lui. Je vois maintenant que vous avez cr\u00e9\u00e9 un lien incroyable. Je pense que peut-\u00eatre, nous pourrions trouver un moyen de l&rsquo;int\u00e9grer dans notre vie.\u00bb<\/p>\n\n\n\n<p>Colt cria de joie. \u00ab Vraiment, Papa ? Tu veux dire que Doug peut rester avec nous ? \u00bb<\/p>\n\n\n\n<p class=\"has-text-color\">\u00ab Oui, mais avec quelques r\u00e8gles. Nous devons nous assurer qu&rsquo;il ait son propre espace. Nous devrons aussi trouver un moyen de lui donner une vie plus adapt\u00e9e \u00e0 ses besoins. C&rsquo;est pourquoi je te propose de demander une place au zoo proche de chez nous. Doug sera ainsi en s\u00e9curit\u00e9 comme tous les autres animaux.&nbsp;Tu pourras aller le voir tous les jours pour t&rsquo;en occuper, lui donner \u00e0 manger et lui faire des c\u00e2lins. Colt \u00e9tait le plus heureux du monde.<strong><br><\/strong><\/p>\n\n\n\n<p class=\"has-text-color\"><span style=\"color: #00ff00;\"><strong>Partie 5 : La situation finale du 3 au 28 f\u00e9vrier 2025 \u2013 Classe de Mme Hatton<\/strong><\/span><\/p>\n\n\n\n<p>Colt \u00e9tait ravi, il avait r\u00e9pondu oui tout de suite \u00e0 son p\u00e8re&#8230;.. Ils l&#8217;emmen\u00e8rent au zoo et Colt parla \u00e0 Doug qui semblait le comprendre.<\/p>\n\n\n\n<p>-Ne t&rsquo;inqui\u00e8te pas, tu vas vivre ici car tu es trop grand pour notre maison et encore plus pour le magasin de vaisselles en porcelaine de papa. Mais je vais venir te voir tous les jours &#8230;.<\/p>\n\n\n\n<p>Doug comprit tout de suite ce que voulait dire Colt, alors apr\u00e8s lui avoir fait une caresse sur l&rsquo;oreille, Doug  s&rsquo;est amus\u00e9 \u00e0 faire un petit pas de danse en signe de reconnaissance envers son nouvel ami. Il m\u00e9ritait bien cet honneur car  celui-ci a pris soin de lui et l&rsquo;a sorti de son cirque o\u00f9 il \u00e9tait maltrait\u00e9. Puis Doug s&rsquo;est avanc\u00e9 tout doucement vers le troupeau d&rsquo;\u00e9l\u00e9phants dans le fond de l&rsquo;enclos. <\/p>\n\n\n\n<p>Comme tous les jours depuis un mois, Colt fon\u00e7ait vers le zoo. Il avait tenu sa promesse. Arriv\u00e9 au zoo, il va vers son endroit pr\u00e9f\u00e9r\u00e9, l&rsquo;enclos de Doug ! Ce qui le rassurait c&rsquo;est qu&rsquo;il savait que Doug se plaisait bien dans cet endroit spacieux pr\u00e9vu pour sa taille, et o\u00f9 il y avait beaucoup de place, o\u00f9 il s&rsquo;est fait beaucoup d&rsquo;amis aussi.<\/p>\n\n\n\n<p>Mais surtout, il \u00e9tait devenu l&rsquo;attraction du zoo car il adorait se donner en spectacle d\u00e8s qu&rsquo;il y avait un petit  attroupement de visiteurs devant l&rsquo;enclos. En voyant Colt arriver, Doug vient imm\u00e9diatement en barrissant de joie. Colt pense toujours \u00e0 lui apporter des friandises \u00e0 manger, des fruits \u00e0 chaque fois qu&rsquo;il vient. <\/p>\n\n\n\n<p>Et c&rsquo;est \u00e0 partir de ce moment l\u00e0 que Colt n&rsquo;a pas regrett\u00e9 les conseils de son p\u00e8re et qu&rsquo;il avait bien fait de l&#8217;emmener au zoo. Ainsi on ne pourrait pas dire que Doug ressemblait \u00e0 <em>un \u00e9l\u00e9phant dans un magasin de porcelaine<\/em>. De plus il \u00e9tait devenu tr\u00e8s proche d&rsquo;une jolie \u00e9l\u00e9phante et il \u00e9tait tr\u00e8s heureux.<\/p>\n\n\n\n<p><\/p>\n","protected":false},"excerpt":{"rendered":"<p>Mr Hulot l\u2019avait chass\u00e9 hier soir et pourtant ce matin, il \u00e9tait de retour. Partie 1 : Situation initiale du 18 au 29 novembre 2024 &#8211; Classe de Mr Accou A Loubiloupadouche, une ville florissante d\u2019Arabie, r\u00e9put\u00e9e pour \u00eatre la plus joyeuse du pays, vivait autrefois un jeune enfant de 11 ans qui se pr\u00e9nommait [&hellip;]<\/p>\n","protected":false},"author":10,"featured_media":0,"parent":0,"menu_order":0,"comment_status":"closed","ping_status":"closed","template":"","meta":{"footnotes":""},"class_list":["post-2562","page","type-page","status-publish","hentry"],"_links":{"self":[{"href":"https:\/\/ddec72.org\/WordPress-ecole\/wp-json\/wp\/v2\/pages\/2562","targetHints":{"allow":["GET"]}}],"collection":[{"href":"https:\/\/ddec72.org\/WordPress-ecole\/wp-json\/wp\/v2\/pages"}],"about":[{"href":"https:\/\/ddec72.org\/WordPress-ecole\/wp-json\/wp\/v2\/types\/page"}],"author":[{"embeddable":true,"href":"https:\/\/ddec72.org\/WordPress-ecole\/wp-json\/wp\/v2\/users\/10"}],"replies":[{"embeddable":true,"href":"https:\/\/ddec72.org\/WordPress-ecole\/wp-json\/wp\/v2\/comments?post=2562"}],"version-history":[{"count":87,"href":"https:\/\/ddec72.org\/WordPress-ecole\/wp-json\/wp\/v2\/pages\/2562\/revisions"}],"predecessor-version":[{"id":6564,"href":"https:\/\/ddec72.org\/WordPress-ecole\/wp-json\/wp\/v2\/pages\/2562\/revisions\/6564"}],"wp:attachment":[{"href":"https:\/\/ddec72.org\/WordPress-ecole\/wp-json\/wp\/v2\/media?parent=2562"}],"curies":[{"name":"wp","href":"https:\/\/api.w.org\/{rel}","templated":true}]}}