{"id":2560,"date":"2024-01-22T07:29:23","date_gmt":"2024-01-22T06:29:23","guid":{"rendered":"http:\/\/ddec72.org\/WordPress-ecole\/?page_id=2560"},"modified":"2025-03-10T11:52:33","modified_gmt":"2025-03-10T10:52:33","slug":"recit-vert-d","status":"publish","type":"page","link":"https:\/\/ddec72.org\/WordPress-ecole\/recit-vert-d\/","title":{"rendered":"R\u00e9cit Vert D : S\u0153urette"},"content":{"rendered":"<div class=\"wp-block-image\">\n<figure class=\"aligncenter\"><a href=\"https:\/\/ddec72.org\/WordPress-ecole\/wp-content\/uploads\/2024\/11\/cygne.jpeg\"><img loading=\"lazy\" decoding=\"async\" width=\"300\" height=\"300\" src=\"https:\/\/ddec72.org\/WordPress-ecole\/wp-content\/uploads\/2024\/11\/cygne-300x300.jpeg\" alt=\"\" class=\"wp-image-6202\" srcset=\"https:\/\/ddec72.org\/WordPress-ecole\/wp-content\/uploads\/2024\/11\/cygne-300x300.jpeg 300w, https:\/\/ddec72.org\/WordPress-ecole\/wp-content\/uploads\/2024\/11\/cygne-150x150.jpeg 150w, https:\/\/ddec72.org\/WordPress-ecole\/wp-content\/uploads\/2024\/11\/cygne-768x768.jpeg 768w, https:\/\/ddec72.org\/WordPress-ecole\/wp-content\/uploads\/2024\/11\/cygne-624x624.jpeg 624w, https:\/\/ddec72.org\/WordPress-ecole\/wp-content\/uploads\/2024\/11\/cygne.jpeg 1024w\" sizes=\"auto, (max-width: 300px) 100vw, 300px\" \/><\/a><\/figure><\/div>\n\n\n<p><\/p>\n\n\n\n<blockquote class=\"wp-block-quote is-layout-flow wp-block-quote-is-layout-flow\">\n<p class=\"has-text-align-center\">C\u2019est l\u2019unique lien qu\u2019il lui reste avec sa s\u0153ur Claire.<\/p>\n<\/blockquote>\n\n\n\n<p class=\"has-text-color\"><span style=\"color: #00ff00;\"><strong>Partie 1 : Situation initiale du 18 au 29 novembre 2024 &#8211; Classe de Mme Gu\u00e9rin<\/strong><\/span><\/p>\n\n\n\n<p>Cette histoire se passe en 1920. Claire et Marion sont des jumelles de 12 ans. Leurs parents Ulysse et Sofia sont agriculteur et marchande dans un camion itin\u00e9rant. Leur grand-m\u00e8re vit dans la m\u00eame long\u00e8re qu&rsquo;eux. Leurs parents \u00e9tant tr\u00e8s occup\u00e9s, c&rsquo;est donc leur grand-m\u00e8re qui s&rsquo;occupent le plus souvent des filles. Ils habitent dans une ferme au Canada, pr\u00e8s d&rsquo;une for\u00eat de cinq hectares.<\/p>\n\n\n\n<p>Ils poss\u00e8dent \u00e9galement un somptueux \u00e9tang. Cette nature leur offre un magnifique paysage orang\u00e9 \u00e0 la p\u00e9riode automnale. En hiver, l&rsquo;\u00e9tang leur d\u00e9voile des reflets avec l&rsquo;eau gel\u00e9e. Dans la ferme vivent plusieurs animaux : un chat roux et blanc, deux chiennes et un renard domestique.<\/p>\n\n\n\n<p>Les jumelles se rendent r\u00e9guli\u00e8rement \u00e0 l\u2019\u00e9tang mais \u00e9galement dans une cabane qu&rsquo;elles ont construites avec leur grand-m\u00e8re. Elle est plac\u00e9e dans un arbre au milieu de la for\u00eat. Elles aiment y retrouver leur amie d&rsquo;enfance Maria.<\/p>\n\n\n\n<p>Leur principale occupation c&rsquo;est le sport. Elles pratiquent au sein de leur \u00e9cole, le patinage de vitesse et sont championnes de leur d\u00e9partement. Tous les jours, elles enfilent leurs patins et parcourir plusieurs kilom\u00e8tres en alternant les diff\u00e9rents virages. Cela demande beaucoup d\u2019entra\u00eenement et de rigueur. En hiver, elles ont la chance de pouvoir s\u2019entra\u00eenent sur leur \u00e9tang glac\u00e9.<\/p>\n\n\n\n<p>Les deux s\u0153urs peuvent \u00eatre tr\u00e8s complices mais \u00e9galement se disputer facilement. En effet, Claire a plus d&rsquo;aisance et de rapidit\u00e9 que sa s\u0153ur lors du patinage, ce qui cr\u00e9ent parfois des conflits et des remarques d\u00e9sobligeantes de sa s\u0153ur Marion.<\/p>\n\n\n\n<p><\/p>\n\n\n\n<p class=\"has-text-color\"><strong><span style=\"color: #00ff00;\">Partie 2 : \u00c9l\u00e9ment d\u00e9clencheur du 2 au 13 d\u00e9cembre 2024 \u2013 Classe de Mme Kayser<\/span><br><br><\/strong>Pendant toute l\u2019ann\u00e9e, les deux s\u0153urs viennent r\u00e9guli\u00e8rement donner \u00e0 manger \u00e0 un cygne au bord de l\u2019eau : elles l\u2019ont apprivois\u00e9.<\/p>\n\n\n\n<p>Un mercredi matin d\u2019hiver,comme les deux soeurs n\u2019ont pas d\u2019\u00e9cole, elles vont faire du patin sur l\u2019\u00e9tang gel\u00e9 toutes les deux avec leur copine Maria.<\/p>\n\n\n\n<p>Elles font des courses toutes les trois pour s\u2019\u00e9chauffer et apr\u00e8s elles s&rsquo;entra\u00eenent \u00e0 faire des pirouettes et des saltos.<\/p>\n\n\n\n<p>Marion et Maria sont fatigu\u00e9es. Elles d\u00e9cident de rentrer dans leur&nbsp; maison. Marion raccompagne Maria \u00e0 travers la for\u00eat puis elle rentre retrouver sa grand-m\u00e8re. Elle laisse sa s\u0153ur Claire toute seule : elle aime beaucoup se retrouver toute seule. Elle continue \u00e0 s&rsquo;entra\u00eener.&nbsp;<\/p>\n\n\n\n<p>Quelques heures passent, le soir tombe, il est 18h et Claire n&rsquo;est pas rentr\u00e9e \u00e0 la maison. Quand ses parents rentrent du travail et voient que Claire n\u2019est pas l\u00e0, ils s\u2019inqui\u00e8tent. Alors avec Marion, ils partent la chercher \u00e0 l\u2019\u00e9tang, il lui est peut \u00eatre arriv\u00e9 quelque chose \u2026 Quand ils arrivent tous les trois au bord de l\u2019\u00e9tang, ils aper\u00e7oivent un patin au milieu de la glace. Il fait clair de lune ce soir, Marion voit aussi une grande fissure sur la glace dans le reflet de la lune.<\/p>\n\n\n\n<p class=\"has-text-color\">L\u2019inqui\u00e9tude montent pour Marion et ses parents. Sous le clair de lune, on entend les cris des parents: \u201cClaire ! Claire ! r\u00e9pond nous ! Claire o\u00f9 es-tu ?\u201d<\/p>\n\n\n\n<p class=\"has-text-color\"><span style=\"color: #00ff00;\">Partie 3 : S\u00e9rie d\u2019actions du 6 au 17 janvier 2025 \u2013 Classe de Mme Hatton<\/span><br> Claire a disparu. Elle n&rsquo;est plus l\u00e0. Il ne reste plus que son patin et une fissure sur la glace.<\/p>\n\n\n\n<p class=\"has-text-color\">L&rsquo;inqui\u00e9tude monte, Marion, Ulysse et Sofia, ses parents commencent \u00e0 paniquer. Marion ressent une profonde angoisse \u00e0 l&rsquo;id\u00e9e de ce qui pouvait \u00eatre arriv\u00e9 \u00e0 Claire. Elle tremble et ressent une violente douleur au ventre et tombe \u00e0 genoux, au sol en larmes.<\/p>\n\n\n\n<p class=\"has-text-color\">Puis, d&rsquo;un coup, elle se sent coupable d&rsquo;avoir laiss\u00e9 sa soeur toute seule. C&rsquo;est vrai qu&rsquo;elles ont l&rsquo;habitude de venir patiner sur cet \u00e9tang et ne pensent jamais qu&rsquo;il pourrait arriver quelque chose, c&rsquo;est un sport \u00e0 risques quand m\u00eame. Marion est toujours en \u00e9tat de choc en pensant que sa soeur pouvait \u00eatre vivante ou morte.<\/p>\n\n\n\n<p class=\"has-text-color\">Si elle s&rsquo;\u00e9tait noy\u00e9e, si quelqu&rsquo;un l&rsquo;avait embarqu\u00e9e, si elle s&rsquo;\u00e9tait bless\u00e9e,  si&#8230;&#8230;&#8230;&#8230;.., et si,&#8230;&#8230;&#8230;.. avec des SI&#8230;&#8230;&#8230;&#8230;&#8230;..On peut imaginer n&rsquo;importe quoi &#8230;.Sofia, la maman de Marion finit par la secouer un peu, l&rsquo;urgence c&rsquo;est de chercher. Il faut s&rsquo;y mettre. <\/p>\n\n\n\n<p class=\"has-text-color\">Alors, Marion ramasse le patin abandonn\u00e9 de Claire, puis elle se dit \u00e0 voix basse: \u00ab\u00a0Je vais te retrouver Claire, je te le promets\u00a0\u00bb. Marion serre le patin dans sa main. Sa main est tr\u00e8s froide, gel\u00e9e \u00e0 cause du temps d&rsquo;hiver.  Les parents de Marion lui ont demand\u00e9 d&rsquo;aller chercher Maria pour les aider, car la nuit commence \u00e0 tomber, et \u00e0 plusieurs ce serait plus facile. Il faudrait s\u00fbrement aussi pr\u00e9venir les services de police. Pour cela, ils vont s&rsquo;en occuper plus tard.<\/p>\n\n\n\n<p class=\"has-text-color\">En revenant avec Maria, les deux fillettes commencent \u00e0 fouiller la zone de for\u00eat qui se situe \u00e0 proximit\u00e9 de l&rsquo;\u00e9tang. Soudain, Maria trouva quelque chose et appela Marion, elle tenait dans sa main droite le deuxi\u00e8me patin et il \u00e9tait tr\u00e8s abim\u00e9. <\/p>\n\n\n\n<p class=\"has-text-color\">\u00ab\u00a0Mais qu&rsquo;est-il donc arriv\u00e9 \u00e0 Claire ?\u00a0\u00bb dit Marion. Continuons \u00e0 chercher d&rsquo;autres indices. <\/p>\n\n\n\n<p><\/p>\n\n\n\n<p><\/p>\n\n\n\n<p><\/p>\n\n\n\n<p class=\"has-text-color\"><\/p>\n\n\n\n<p class=\"has-text-color\"><strong><span style=\"color: #00ff00;\">Partie 4 : Le d\u00e9nouement du 20&nbsp; au 31 janvier 2025 \u2013 Classe de Mr Langlais<\/span><br><br><\/strong>Marion a une id\u00e9e&nbsp;: \u00ab&nbsp;allons chercher Pitou, notre renard domestique&nbsp;; son flair est le meilleur de la r\u00e9gion&nbsp;; il pourra peut-\u00eatre retrouver Claire.&nbsp;\u00bb<\/p>\n\n\n\n<p>Les deux jeunes filles vont pr\u00e9venir les parents de Marion de cette id\u00e9e lumineuse. Ulysse et Sofia les f\u00e9licitent de cette id\u00e9e. Tous ensemble, ils prennent le renard et une lampe torche, puis ils partent chercher le patin et le lui font sentir. Pitou s\u2019\u00e9lance alors \u00e0 toute vitesse et la petite troupe a du mal \u00e0 le suivre.<\/p>\n\n\n\n<p>\u00ab&nbsp;Attends-nous Pitou, cria Ulysse, le p\u00e8re.\u00bb<\/p>\n\n\n\n<p>Mais Pitou redouble de vitesse en direction du fond de la for\u00eat. C\u2019est un endroit qui leur est inconnu ; il y fait tr\u00e8s sombre ; cet endroit est dangereux : il y a des b\u00eates sauvages et f\u00e9roces que l\u2019on peut croiser sur le chemin. Il faut grimper dans les arbres pour les \u00e9viter. Certaines personnes y disparaissent. Tout le monde redouble d\u2019inqui\u00e9tude, mais ils savent que Pitou va les prot\u00e9ger.<\/p>\n\n\n\n<p>Ils continuent leur course folle ; entendent Pitou glapir ; il s\u2019est arr\u00eat\u00e9 au pied d\u2019un grand ch\u00eane sur lequel un morceau de laine est accroch\u00e9 sur l\u2019une des premi\u00e8res branches.<\/p>\n\n\n\n<p>Ils reconnaissent que c\u2019est un morceau du pull de Claire.<\/p>\n\n\n\n<p>\u00ab Nous sommes dans la bonne direction, continuons \u00e0 suivre Pitou, qui trottine d\u00e9j\u00e0 un peu plus loin, dit Sofia. \u00bb<\/p>\n\n\n\n<p>Il s\u2019arr\u00eate \u00e0 nouveau et voit alors une branche bris\u00e9e \u00e0 terre avec la couronne de fleurs que Claire porte tout le temps. Marion la prend dans ses mains et sait que c\u2019est l\u2019unique lien qu\u2019il lui reste avec sa s\u0153ur Claire. Marion est triste, l\u2019une de ses larmes coule sur la couronne qui est le porte-bonheur de Claire, que Marion lui a offert. Elle s\u2019aper\u00e7oit qu\u2019il manque une fleur. Ils continuent leur chemin.<\/p>\n\n\n\n<p>Ils voient au loin une silhouette entre les arbres. Pitou s\u2019arr\u00eate, apeur\u00e9. Il se cache derri\u00e8re Marion. Ils filent \u00e0 toute vitesse vers la silhouette et voient que c\u2019est un homme.<\/p>\n\n\n\n<p>Marion lui demande :<\/p>\n\n\n\n<p>\u00ab Avez-vous vu une petite fille aux cheveux blonds ? \u00bb<\/p>\n\n\n\n<p>-Euh, non, pas du tout&#8230;<\/p>\n\n\n\n<p>-Vous \u00eates s\u00fbr ? demande Marion, suspicieuse&#8230;<\/p>\n\n\n\n<p>Pitou renifle l\u2019homme et saute sur lui pour essayer de montrer \u00e0 la troupe qu\u2019il sent Claire.<\/p>\n\n\n\n<p>-H\u00e9, l\u00e2che-moi, sale b\u00eate ! crie l\u2019homme.<\/p>\n\n\n\n<p>L\u2019homme porte, coinc\u00e9e dans son \u00e9charpe, une fleur de la couronne de Claire.<\/p>\n\n\n\n<p>-Mais, vous portez sur vous une fleur de la couronne de Claire ! Vous \u00eates un menteur ! C\u2019est vous qui avez kidnapp\u00e9 Claire ! O\u00f9 est-elle ?<\/p>\n\n\n\n<p>L\u2019homme tente de fuir, mais Pitou lui saute dessus et le fait tomber \u00e0 terre.<\/p>\n\n\n\n<p>La troupe entoure l\u2019homme ; Pitou s\u2019installe dessus pour \u00e9viter qu\u2019il ne s\u2019\u00e9chappe.<\/p>\n\n\n\n<p>Ils appellent alors la police, qui arrive quelques instants plus tard.<\/p>\n\n\n\n<p>Les policiers l\u2019interrogent ; l\u2019homme, oblig\u00e9 de dire la v\u00e9rit\u00e9, explique tout.<\/p>\n\n\n\n<p>Il bafouille : \u00ab J\u2019ai kidnapp\u00e9 Claire car elle est tellement forte au patinage qu\u2019elle aurait pu me rapporter beaucoup d\u2019argent. Je serais devenu riche. \u00bb<\/p>\n\n\n\n<p class=\"has-text-color\">Je l\u2019ai ligot\u00e9e dans une cabane au fond de la for\u00eat&#8230;<\/p>\n\n\n\n<p>Mais o\u00f9 est-elle ? demande Marion !<\/p>\n\n\n\n<p class=\"has-text-color\"><span style=\"color: #00ff00;\"><strong>Partie 5 : La situation finale du 3 au 28 f\u00e9vrier 2025 \u2013 Classe de Mr Accou<\/strong><\/span><\/p>\n\n\n\n<p>Les policiers ordonnent alors au kidnappeur de les guider jusqu&rsquo;au lieu o\u00f9 il retient Claire.<\/p>\n\n\n\n<p>Arriv\u00e9s sur place, ils d\u00e9couvrent la petite fille attach\u00e9e \u00e0 une vieille chaise,&nbsp; couch\u00e9e au sol, b\u00e2illonn\u00e9e et ligot\u00e9e de la t\u00eate aux pieds. Elle porte des marques de violence sur le visage, les bras et les jambes.&nbsp;Claire semble inerte&#8230;&nbsp;<\/p>\n\n\n\n<p>Son p\u00e8re Ulysse se pr\u00e9cipite au sol pour s&rsquo;assurer que sa fille respire encore. Marion est affol\u00e9e et se cache les yeux; sa m\u00e8re est aussi tr\u00e8s anxieuse. Ulysse pousse finalement un souffle de soulagement et annonce, en se retournant vers Sofia:<\/p>\n\n\n\n<p>&nbsp; &#8211; Dieu soit lou\u00e9, notre fille est vivante !<\/p>\n\n\n\n<p>L&rsquo;un des policiers pr\u00e9vient imm\u00e9diatement les urgences qui parviennent rapidement sur les lieux. Ulysse et Sofia accompagnent Claire dans l&rsquo;ambulance, tandis que les policiers emm\u00e8nent le suspect dans leur fourgonnette.<\/p>\n\n\n\n<p>Au poste de police, les enqu\u00eateurs l&rsquo;interrogent et d\u00e9couvrent qu&rsquo;il n&rsquo;est autre que le criminel recherch\u00e9 dans la r\u00e9gion pour plusieurs meurtres. Convoqu\u00e9 au tribunal, le kidnappeur de Claire sera finalement condamn\u00e9 \u00e0 la peine capitale quelques semaines plus tard.<\/p>\n\n\n\n<p>A l&rsquo;h\u00f4pital, l&rsquo;\u00e9quipe m\u00e9dicale est aux petits soins pour Claire, qui finit par se r\u00e9veiller.&nbsp;Sa famille et Maria sont \u00e0 son chevet. Marion est la premi\u00e8re \u00e0 l&#8217;embrasser, les larmes aux yeux. Se penchant sur sa soeur, elle lui dit:<\/p>\n\n\n\n<p>-Claire, tout ceci est de ma faute ! Je n&rsquo;aurais pas d\u00fb te laisser seule au lac !&nbsp;<\/p>\n\n\n\n<p>&#8211; Soeurette, j&rsquo;ai tellement eu peur de ne plus te revoir&#8230;&nbsp;<\/p>\n\n\n\n<p>Les deux fillettes se promettent alors de ne plus se s\u00e9parer&nbsp; et de continuer \u00e0 s&rsquo;entra\u00eener ensemble au lac. Elle savent aussi qu&rsquo;elles pourront toujours compter sur Pitou pour les prot\u00e9ger&#8230;<\/p>\n\n\n\n<p><\/p>\n","protected":false},"excerpt":{"rendered":"<p>C\u2019est l\u2019unique lien qu\u2019il lui reste avec sa s\u0153ur Claire. Partie 1 : Situation initiale du 18 au 29 novembre 2024 &#8211; Classe de Mme Gu\u00e9rin Cette histoire se passe en 1920. Claire et Marion sont des jumelles de 12 ans. Leurs parents Ulysse et Sofia sont agriculteur et marchande dans un camion itin\u00e9rant. Leur [&hellip;]<\/p>\n","protected":false},"author":10,"featured_media":0,"parent":0,"menu_order":0,"comment_status":"closed","ping_status":"closed","template":"","meta":{"footnotes":""},"class_list":["post-2560","page","type-page","status-publish","hentry"],"_links":{"self":[{"href":"https:\/\/ddec72.org\/WordPress-ecole\/wp-json\/wp\/v2\/pages\/2560","targetHints":{"allow":["GET"]}}],"collection":[{"href":"https:\/\/ddec72.org\/WordPress-ecole\/wp-json\/wp\/v2\/pages"}],"about":[{"href":"https:\/\/ddec72.org\/WordPress-ecole\/wp-json\/wp\/v2\/types\/page"}],"author":[{"embeddable":true,"href":"https:\/\/ddec72.org\/WordPress-ecole\/wp-json\/wp\/v2\/users\/10"}],"replies":[{"embeddable":true,"href":"https:\/\/ddec72.org\/WordPress-ecole\/wp-json\/wp\/v2\/comments?post=2560"}],"version-history":[{"count":97,"href":"https:\/\/ddec72.org\/WordPress-ecole\/wp-json\/wp\/v2\/pages\/2560\/revisions"}],"predecessor-version":[{"id":6583,"href":"https:\/\/ddec72.org\/WordPress-ecole\/wp-json\/wp\/v2\/pages\/2560\/revisions\/6583"}],"wp:attachment":[{"href":"https:\/\/ddec72.org\/WordPress-ecole\/wp-json\/wp\/v2\/media?parent=2560"}],"curies":[{"name":"wp","href":"https:\/\/api.w.org\/{rel}","templated":true}]}}