{"id":1029,"date":"2015-11-16T09:50:19","date_gmt":"2015-11-16T08:50:19","guid":{"rendered":"http:\/\/ddec72.org\/WordPress-ecole\/?page_id=1029"},"modified":"2025-02-03T10:34:18","modified_gmt":"2025-02-03T09:34:18","slug":"le-projet-2017-2018","status":"publish","type":"page","link":"https:\/\/ddec72.org\/WordPress-ecole\/le-projet-2017-2018\/","title":{"rendered":"Le Projet 2024-2025"},"content":{"rendered":"<p>&nbsp;<\/p>\n<p style=\"text-align: left;\">Le nouveau th\u00e8me propos\u00e9 cette ann\u00e9e n&rsquo;a jamais \u00e9t\u00e9 travaill\u00e9. Prenez le temps de bien lire les caract\u00e9ristiques de ce nouveau projet dans le document ci-dessous :<\/p>\n<p style=\"text-align: left;\"><a href=\"https:\/\/ddec72.org\/WordPress-ecole\/wp-content\/uploads\/2024\/09\/Projet-Recits-disparus-49-53-72-2024-2025.pdf\" target=\"_blank\" rel=\"noopener\">Projet R\u00e9cits disparus 49-53-72 2024-2025<\/a><\/p>\n<p style=\"text-align: center;\"><a href=\"https:\/\/ddec72.org\/WordPress-ecole\/wp-content\/uploads\/2024\/09\/Affiche-Ecriture-collaborative-2024-2025-1-scaled.jpg\"><img loading=\"lazy\" decoding=\"async\" class=\"alignnone wp-image-6064 size-large\" src=\"https:\/\/ddec72.org\/WordPress-ecole\/wp-content\/uploads\/2024\/09\/Affiche-Ecriture-collaborative-2024-2025-1-724x1024.jpg\" alt=\"\" width=\"625\" height=\"884\" srcset=\"https:\/\/ddec72.org\/WordPress-ecole\/wp-content\/uploads\/2024\/09\/Affiche-Ecriture-collaborative-2024-2025-1-724x1024.jpg 724w, https:\/\/ddec72.org\/WordPress-ecole\/wp-content\/uploads\/2024\/09\/Affiche-Ecriture-collaborative-2024-2025-1-212x300.jpg 212w, https:\/\/ddec72.org\/WordPress-ecole\/wp-content\/uploads\/2024\/09\/Affiche-Ecriture-collaborative-2024-2025-1-768x1086.jpg 768w, https:\/\/ddec72.org\/WordPress-ecole\/wp-content\/uploads\/2024\/09\/Affiche-Ecriture-collaborative-2024-2025-1-1086x1536.jpg 1086w, https:\/\/ddec72.org\/WordPress-ecole\/wp-content\/uploads\/2024\/09\/Affiche-Ecriture-collaborative-2024-2025-1-1448x2048.jpg 1448w, https:\/\/ddec72.org\/WordPress-ecole\/wp-content\/uploads\/2024\/09\/Affiche-Ecriture-collaborative-2024-2025-1-624x883.jpg 624w, https:\/\/ddec72.org\/WordPress-ecole\/wp-content\/uploads\/2024\/09\/Affiche-Ecriture-collaborative-2024-2025-1-scaled.jpg 1810w\" sizes=\"auto, (max-width: 625px) 100vw, 625px\" \/><\/a><\/p>\n","protected":false},"excerpt":{"rendered":"<p>&nbsp; Le nouveau th\u00e8me propos\u00e9 cette ann\u00e9e n&rsquo;a jamais \u00e9t\u00e9 travaill\u00e9. Prenez le temps de bien lire les caract\u00e9ristiques de ce nouveau projet dans le document ci-dessous : Projet R\u00e9cits disparus 49-53-72 2024-2025<\/p>\n","protected":false},"author":1,"featured_media":0,"parent":0,"menu_order":0,"comment_status":"closed","ping_status":"open","template":"","meta":{"footnotes":""},"class_list":["post-1029","page","type-page","status-publish","hentry"],"_links":{"self":[{"href":"https:\/\/ddec72.org\/WordPress-ecole\/wp-json\/wp\/v2\/pages\/1029","targetHints":{"allow":["GET"]}}],"collection":[{"href":"https:\/\/ddec72.org\/WordPress-ecole\/wp-json\/wp\/v2\/pages"}],"about":[{"href":"https:\/\/ddec72.org\/WordPress-ecole\/wp-json\/wp\/v2\/types\/page"}],"author":[{"embeddable":true,"href":"https:\/\/ddec72.org\/WordPress-ecole\/wp-json\/wp\/v2\/users\/1"}],"replies":[{"embeddable":true,"href":"https:\/\/ddec72.org\/WordPress-ecole\/wp-json\/wp\/v2\/comments?post=1029"}],"version-history":[{"count":30,"href":"https:\/\/ddec72.org\/WordPress-ecole\/wp-json\/wp\/v2\/pages\/1029\/revisions"}],"predecessor-version":[{"id":6521,"href":"https:\/\/ddec72.org\/WordPress-ecole\/wp-json\/wp\/v2\/pages\/1029\/revisions\/6521"}],"wp:attachment":[{"href":"https:\/\/ddec72.org\/WordPress-ecole\/wp-json\/wp\/v2\/media?parent=1029"}],"curies":[{"name":"wp","href":"https:\/\/api.w.org\/{rel}","templated":true}]}}